{"id":75568,"date":"2021-06-21T13:35:15","date_gmt":"2021-06-21T11:35:15","guid":{"rendered":"http:\/\/www.tv2000.it\/tg2000\/?post_type=video&#038;p=75568"},"modified":"2021-06-21T13:35:15","modified_gmt":"2021-06-21T11:35:15","slug":"draghi-a-berlino-dalla-merkel-a-roma-gualtieri-vince-primarie-pd","status":"publish","type":"video","link":"https:\/\/www.tv2000.it\/tg2000\/video\/draghi-a-berlino-dalla-merkel-a-roma-gualtieri-vince-primarie-pd\/","title":{"rendered":"Draghi a Berlino dalla Merkel. A Roma Gualtieri vince primarie Pd"},"content":{"rendered":"<p>Il dossier migranti sar\u00e0 oggi tra i temi principali dell&#8217;incontro a Berlino tra Mario Draghi e Angela Merkel, in vista del Consiglio europeo di gioved\u00ec e venerd\u00ec. Mentre domani \u00e8 attesa a Roma la presidente della Commissione Ursula Von der Leyen in vista dell&#8217;approvazione del recovery plan. Intanto tiene banco la corsa a sindaco di Roma, con l&#8217;ex ministro Gualtieri che vince le primarie del centro sinistra nella capitale. Il servizio di Augusto Cantelmi<\/p>\n","protected":false},"featured_media":75569,"comment_status":"closed","ping_status":"closed","template":"","tags":[285],"class_list":["post-75568","video","type-video","status-publish","has-post-thumbnail","hentry","tag-merkel","video_category-news","video_category-politica"],"acf":[],"aioseo_notices":[],"url_youtube":"6KCGOugOc7c","featured_image_url":"https:\/\/i.ytimg.com\/vi\/6KCGOugOc7c\/mqdefault.jpg","_links":{"self":[{"href":"https:\/\/www.tv2000.it\/tg2000\/wp-json\/wp\/v2\/video\/75568","targetHints":{"allow":["GET"]}}],"collection":[{"href":"https:\/\/www.tv2000.it\/tg2000\/wp-json\/wp\/v2\/video"}],"about":[{"href":"https:\/\/www.tv2000.it\/tg2000\/wp-json\/wp\/v2\/types\/video"}],"replies":[{"embeddable":true,"href":"https:\/\/www.tv2000.it\/tg2000\/wp-json\/wp\/v2\/comments?post=75568"}],"wp:featuredmedia":[{"embeddable":true,"href":"https:\/\/www.tv2000.it\/tg2000\/wp-json\/wp\/v2\/media\/75569"}],"wp:attachment":[{"href":"https:\/\/www.tv2000.it\/tg2000\/wp-json\/wp\/v2\/media?parent=75568"}],"wp:term":[{"taxonomy":"post_tag","embeddable":true,"href":"https:\/\/www.tv2000.it\/tg2000\/wp-json\/wp\/v2\/tags?post=75568"}],"curies":[{"name":"wp","href":"https:\/\/api.w.org\/{rel}","templated":true}]}}

<p>Il dossier migranti sarà oggi tra i temi principali dell&#8217;incontro a Berlino tra Mario Draghi e Angela Merkel, in vista del Consiglio europeo di giovedì e venerdì. Mentre domani è attesa a Roma la presidente della Commissione Ursula Von der Leyen in vista dell&#8217;approvazione del recovery plan. Intanto tiene banco la corsa a sindaco di Roma, con l&#8217;ex ministro Gualtieri che vince le primarie del centro sinistra nella capitale. Il servizio di Augusto Cantelmi</p>
