{"id":75687,"date":"2021-06-23T19:22:55","date_gmt":"2021-06-23T17:22:55","guid":{"rendered":"http:\/\/www.tv2000.it\/tg2000\/?post_type=video&#038;p=75687"},"modified":"2021-06-23T19:23:06","modified_gmt":"2021-06-23T17:23:06","slug":"roma-il-campo-estivo-per-ragazzi-disagiati-organizzato-da-medicina-solidale","status":"publish","type":"video","link":"https:\/\/www.tv2000.it\/tg2000\/video\/roma-il-campo-estivo-per-ragazzi-disagiati-organizzato-da-medicina-solidale\/","title":{"rendered":"Roma, il campo estivo per ragazzi disagiati. Organizzato da medicina solidale"},"content":{"rendered":"<p>Creativit\u00e0, gratuit\u00e0 e solidariet\u00e0: sono i princ\u00ecpi che ispirano l\u2019azione di medicina solidale che ha organizzato un campo estivo per i ragazzi disagiati della capitale. Servizio di Alessandra Camarca.<\/p>\n","protected":false},"featured_media":75688,"comment_status":"closed","ping_status":"closed","template":"","tags":[],"class_list":["post-75687","video","type-video","status-publish","has-post-thumbnail","hentry","video_category-news"],"acf":[],"aioseo_notices":[],"url_youtube":"Oj4rLF-45J8","featured_image_url":"https:\/\/i.ytimg.com\/vi\/Oj4rLF-45J8\/mqdefault.jpg","_links":{"self":[{"href":"https:\/\/www.tv2000.it\/tg2000\/wp-json\/wp\/v2\/video\/75687","targetHints":{"allow":["GET"]}}],"collection":[{"href":"https:\/\/www.tv2000.it\/tg2000\/wp-json\/wp\/v2\/video"}],"about":[{"href":"https:\/\/www.tv2000.it\/tg2000\/wp-json\/wp\/v2\/types\/video"}],"replies":[{"embeddable":true,"href":"https:\/\/www.tv2000.it\/tg2000\/wp-json\/wp\/v2\/comments?post=75687"}],"wp:featuredmedia":[{"embeddable":true,"href":"https:\/\/www.tv2000.it\/tg2000\/wp-json\/wp\/v2\/media\/75688"}],"wp:attachment":[{"href":"https:\/\/www.tv2000.it\/tg2000\/wp-json\/wp\/v2\/media?parent=75687"}],"wp:term":[{"taxonomy":"post_tag","embeddable":true,"href":"https:\/\/www.tv2000.it\/tg2000\/wp-json\/wp\/v2\/tags?post=75687"}],"curies":[{"name":"wp","href":"https:\/\/api.w.org\/{rel}","templated":true}]}}

<p>Creatività, gratuità e solidarietà: sono i princìpi che ispirano l’azione di medicina solidale che ha organizzato un campo estivo per i ragazzi disagiati della capitale. Servizio di Alessandra Camarca.</p>
