{"id":75701,"date":"2021-06-23T19:31:48","date_gmt":"2021-06-23T17:31:48","guid":{"rendered":"http:\/\/www.tv2000.it\/tg2000\/?post_type=video&#038;p=75701"},"modified":"2021-06-23T19:32:15","modified_gmt":"2021-06-23T17:32:15","slug":"covid-stop-mascherina-allaperto-ma-al-chiuso-servono-altri-3-mesi","status":"publish","type":"video","link":"https:\/\/www.tv2000.it\/tg2000\/video\/covid-stop-mascherina-allaperto-ma-al-chiuso-servono-altri-3-mesi\/","title":{"rendered":"Covid, stop mascherina all\u2019aperto ma al chiuso servono altri 3 mesi"},"content":{"rendered":"<p>Con l&#8217;ordinanza firmata dal Ministro della Salute Roberto Speranza \u00e8 ufficiale lo stop alla mascherina all&#8217;aperto a partire da luned\u00ec prossimo, 28 giugno. Ma questo presidio sanitario continuer\u00e0 a farci compagnia in molti casi e ancora per molto tempo. I servizi di Federico Plotti e Luca Licata.<\/p>\n","protected":false},"featured_media":75702,"comment_status":"closed","ping_status":"closed","template":"","tags":[2000],"class_list":["post-75701","video","type-video","status-publish","has-post-thumbnail","hentry","tag-coronavirus","video_category-attualita","video_category-news"],"acf":[],"aioseo_notices":[],"url_youtube":"puvemrkWxWk","featured_image_url":"https:\/\/i.ytimg.com\/vi\/puvemrkWxWk\/mqdefault.jpg","_links":{"self":[{"href":"https:\/\/www.tv2000.it\/tg2000\/wp-json\/wp\/v2\/video\/75701","targetHints":{"allow":["GET"]}}],"collection":[{"href":"https:\/\/www.tv2000.it\/tg2000\/wp-json\/wp\/v2\/video"}],"about":[{"href":"https:\/\/www.tv2000.it\/tg2000\/wp-json\/wp\/v2\/types\/video"}],"replies":[{"embeddable":true,"href":"https:\/\/www.tv2000.it\/tg2000\/wp-json\/wp\/v2\/comments?post=75701"}],"wp:featuredmedia":[{"embeddable":true,"href":"https:\/\/www.tv2000.it\/tg2000\/wp-json\/wp\/v2\/media\/75702"}],"wp:attachment":[{"href":"https:\/\/www.tv2000.it\/tg2000\/wp-json\/wp\/v2\/media?parent=75701"}],"wp:term":[{"taxonomy":"post_tag","embeddable":true,"href":"https:\/\/www.tv2000.it\/tg2000\/wp-json\/wp\/v2\/tags?post=75701"}],"curies":[{"name":"wp","href":"https:\/\/api.w.org\/{rel}","templated":true}]}}

<p>Con l&#8217;ordinanza firmata dal Ministro della Salute Roberto Speranza è ufficiale lo stop alla mascherina all&#8217;aperto a partire da lunedì prossimo, 28 giugno. Ma questo presidio sanitario continuerà a farci compagnia in molti casi e ancora per molto tempo. I servizi di Federico Plotti e Luca Licata.</p>
