{"id":75713,"date":"2021-06-24T12:25:18","date_gmt":"2021-06-24T10:25:18","guid":{"rendered":"http:\/\/www.tv2000.it\/tg2000\/?post_type=video&#038;p=75713"},"modified":"2021-06-24T12:25:18","modified_gmt":"2021-06-24T10:25:18","slug":"ddl-zan-lintervento-di-draghi-forze-politiche-a-confronto-su-eventuali-modifiche","status":"publish","type":"video","link":"https:\/\/www.tv2000.it\/tg2000\/video\/ddl-zan-lintervento-di-draghi-forze-politiche-a-confronto-su-eventuali-modifiche\/","title":{"rendered":"Ddl Zan, l&#8217;intervento di Draghi. Forze politiche a confronto su eventuali modifiche"},"content":{"rendered":"<p>La discussione che si \u00e8 riaccesa intorno al DDL Zan. Il presidente del Consiglio Mario Draghi in Senato ha ribadito che l&#8217;Italia &#8220;\u00e8 uno Stato laico e che il Parlamento \u00e8 sempre libero di discutere&#8221;. Le forze politiche si confrontano sull&#8217;opportunit\u00e0 o meno di apportare delle modifiche al testo. Il servizio di Clara Iatosti<\/p>\n","protected":false},"featured_media":75714,"comment_status":"closed","ping_status":"closed","template":"","tags":[2108,192],"class_list":["post-75713","video","type-video","status-publish","has-post-thumbnail","hentry","tag-ddl-zan","tag-vaticano","video_category-news","video_category-politica"],"acf":[],"aioseo_notices":[],"url_youtube":"zW_Z7DJz5wg","featured_image_url":"https:\/\/i.ytimg.com\/vi\/zW_Z7DJz5wg\/mqdefault.jpg","_links":{"self":[{"href":"https:\/\/www.tv2000.it\/tg2000\/wp-json\/wp\/v2\/video\/75713","targetHints":{"allow":["GET"]}}],"collection":[{"href":"https:\/\/www.tv2000.it\/tg2000\/wp-json\/wp\/v2\/video"}],"about":[{"href":"https:\/\/www.tv2000.it\/tg2000\/wp-json\/wp\/v2\/types\/video"}],"replies":[{"embeddable":true,"href":"https:\/\/www.tv2000.it\/tg2000\/wp-json\/wp\/v2\/comments?post=75713"}],"wp:featuredmedia":[{"embeddable":true,"href":"https:\/\/www.tv2000.it\/tg2000\/wp-json\/wp\/v2\/media\/75714"}],"wp:attachment":[{"href":"https:\/\/www.tv2000.it\/tg2000\/wp-json\/wp\/v2\/media?parent=75713"}],"wp:term":[{"taxonomy":"post_tag","embeddable":true,"href":"https:\/\/www.tv2000.it\/tg2000\/wp-json\/wp\/v2\/tags?post=75713"}],"curies":[{"name":"wp","href":"https:\/\/api.w.org\/{rel}","templated":true}]}}

<p>La discussione che si è riaccesa intorno al DDL Zan. Il presidente del Consiglio Mario Draghi in Senato ha ribadito che l&#8217;Italia &#8220;è uno Stato laico e che il Parlamento è sempre libero di discutere&#8221;. Le forze politiche si confrontano sull&#8217;opportunità o meno di apportare delle modifiche al testo. Il servizio di Clara Iatosti</p>
