{"id":75719,"date":"2021-06-24T12:28:04","date_gmt":"2021-06-24T10:28:04","guid":{"rendered":"http:\/\/www.tv2000.it\/tg2000\/?post_type=video&#038;p=75719"},"modified":"2021-06-24T12:28:04","modified_gmt":"2021-06-24T10:28:04","slug":"roma-il-campo-estivo-per-ragazzi-disagiati-organizzato-da-medicina-solidale-2","status":"publish","type":"video","link":"https:\/\/www.tv2000.it\/tg2000\/video\/roma-il-campo-estivo-per-ragazzi-disagiati-organizzato-da-medicina-solidale-2\/","title":{"rendered":"Roma, il campo estivo per ragazzi disagiati. Organizzato da Medicina Solidale"},"content":{"rendered":"<p>Creativit\u00e0, gratuit\u00e0 e solidariet\u00e0: sono i princ\u00ecpi che ispirano l\u2019azione di Medicina Solidale che ha organizzato un campo estivo per i ragazzi disagiati della Capitale. Il servizio di Alessandra Camarca.<\/p>\n","protected":false},"featured_media":75720,"comment_status":"closed","ping_status":"closed","template":"","tags":[],"class_list":["post-75719","video","type-video","status-publish","has-post-thumbnail","hentry","video_category-buone-notizie","video_category-news"],"acf":[],"aioseo_notices":[],"url_youtube":"GEr3m6a1y8Q","featured_image_url":"https:\/\/i.ytimg.com\/vi\/GEr3m6a1y8Q\/mqdefault.jpg","_links":{"self":[{"href":"https:\/\/www.tv2000.it\/tg2000\/wp-json\/wp\/v2\/video\/75719","targetHints":{"allow":["GET"]}}],"collection":[{"href":"https:\/\/www.tv2000.it\/tg2000\/wp-json\/wp\/v2\/video"}],"about":[{"href":"https:\/\/www.tv2000.it\/tg2000\/wp-json\/wp\/v2\/types\/video"}],"replies":[{"embeddable":true,"href":"https:\/\/www.tv2000.it\/tg2000\/wp-json\/wp\/v2\/comments?post=75719"}],"wp:featuredmedia":[{"embeddable":true,"href":"https:\/\/www.tv2000.it\/tg2000\/wp-json\/wp\/v2\/media\/75720"}],"wp:attachment":[{"href":"https:\/\/www.tv2000.it\/tg2000\/wp-json\/wp\/v2\/media?parent=75719"}],"wp:term":[{"taxonomy":"post_tag","embeddable":true,"href":"https:\/\/www.tv2000.it\/tg2000\/wp-json\/wp\/v2\/tags?post=75719"}],"curies":[{"name":"wp","href":"https:\/\/api.w.org\/{rel}","templated":true}]}}

<p>Creatività, gratuità e solidarietà: sono i princìpi che ispirano l’azione di Medicina Solidale che ha organizzato un campo estivo per i ragazzi disagiati della Capitale. Il servizio di Alessandra Camarca.</p>
