{"id":75973,"date":"2021-07-01T19:58:46","date_gmt":"2021-07-01T17:58:46","guid":{"rendered":"http:\/\/www.tv2000.it\/tg2000\/?post_type=video&#038;p=75973"},"modified":"2021-07-01T19:58:55","modified_gmt":"2021-07-01T17:58:55","slug":"covid-preoccupa-variante-delta-oms-rischio-nuova-ondata-in-europa","status":"publish","type":"video","link":"https:\/\/www.tv2000.it\/tg2000\/video\/covid-preoccupa-variante-delta-oms-rischio-nuova-ondata-in-europa\/","title":{"rendered":"Covid, preoccupa variante Delta. Oms: rischio nuova ondata in Europa"},"content":{"rendered":"<p>Rimane per\u00f2 la preoccupazione per la variante Delta che, secondo l&#8217;Organizzazione mondiale della sanit\u00e0, entro agosto sar\u00e0 dominante, e la sua diffusione si sta gi\u00e0 traducendo in un aumento di ricoveri e decessi. Servizio di Fabio Bolzetta.<\/p>\n","protected":false},"featured_media":75974,"comment_status":"closed","ping_status":"closed","template":"","tags":[2000],"class_list":["post-75973","video","type-video","status-publish","has-post-thumbnail","hentry","tag-coronavirus","video_category-attualita","video_category-news"],"acf":[],"aioseo_notices":[],"url_youtube":"xGH7VMmcVqU","featured_image_url":"https:\/\/i.ytimg.com\/vi\/xGH7VMmcVqU\/mqdefault.jpg","_links":{"self":[{"href":"https:\/\/www.tv2000.it\/tg2000\/wp-json\/wp\/v2\/video\/75973","targetHints":{"allow":["GET"]}}],"collection":[{"href":"https:\/\/www.tv2000.it\/tg2000\/wp-json\/wp\/v2\/video"}],"about":[{"href":"https:\/\/www.tv2000.it\/tg2000\/wp-json\/wp\/v2\/types\/video"}],"replies":[{"embeddable":true,"href":"https:\/\/www.tv2000.it\/tg2000\/wp-json\/wp\/v2\/comments?post=75973"}],"wp:featuredmedia":[{"embeddable":true,"href":"https:\/\/www.tv2000.it\/tg2000\/wp-json\/wp\/v2\/media\/75974"}],"wp:attachment":[{"href":"https:\/\/www.tv2000.it\/tg2000\/wp-json\/wp\/v2\/media?parent=75973"}],"wp:term":[{"taxonomy":"post_tag","embeddable":true,"href":"https:\/\/www.tv2000.it\/tg2000\/wp-json\/wp\/v2\/tags?post=75973"}],"curies":[{"name":"wp","href":"https:\/\/api.w.org\/{rel}","templated":true}]}}

<p>Rimane però la preoccupazione per la variante Delta che, secondo l&#8217;Organizzazione mondiale della sanità, entro agosto sarà dominante, e la sua diffusione si sta già traducendo in un aumento di ricoveri e decessi. Servizio di Fabio Bolzetta.</p>
