{"id":76012,"date":"2021-07-02T19:48:44","date_gmt":"2021-07-02T17:48:44","guid":{"rendered":"http:\/\/www.tv2000.it\/tg2000\/?post_type=video&#038;p=76012"},"modified":"2021-07-02T19:48:58","modified_gmt":"2021-07-02T17:48:58","slug":"riparte-il-turismo-da-nord-a-sud-aumentano-i-costi-delle-vacanze","status":"publish","type":"video","link":"https:\/\/www.tv2000.it\/tg2000\/video\/riparte-il-turismo-da-nord-a-sud-aumentano-i-costi-delle-vacanze\/","title":{"rendered":"Riparte il turismo. Da nord a sud aumentano i costi delle vacanze"},"content":{"rendered":"<p>\u00c8 ormai iniziato il mese di luglio e ci avviciniamo al periodo in cui molti italiani andranno in vacanza. Il turismo \u00e8 in ripresa, ma chi decide di partire dovr\u00e0 fare i conti con un aumento dei prezzi. Servizio di Luca Licata.<\/p>\n","protected":false},"featured_media":76013,"comment_status":"closed","ping_status":"closed","template":"","tags":[],"class_list":["post-76012","video","type-video","status-publish","has-post-thumbnail","hentry","video_category-news"],"acf":[],"aioseo_notices":[],"url_youtube":"LPlLhApOLkw","featured_image_url":"https:\/\/i.ytimg.com\/vi\/LPlLhApOLkw\/mqdefault.jpg","_links":{"self":[{"href":"https:\/\/www.tv2000.it\/tg2000\/wp-json\/wp\/v2\/video\/76012","targetHints":{"allow":["GET"]}}],"collection":[{"href":"https:\/\/www.tv2000.it\/tg2000\/wp-json\/wp\/v2\/video"}],"about":[{"href":"https:\/\/www.tv2000.it\/tg2000\/wp-json\/wp\/v2\/types\/video"}],"replies":[{"embeddable":true,"href":"https:\/\/www.tv2000.it\/tg2000\/wp-json\/wp\/v2\/comments?post=76012"}],"wp:featuredmedia":[{"embeddable":true,"href":"https:\/\/www.tv2000.it\/tg2000\/wp-json\/wp\/v2\/media\/76013"}],"wp:attachment":[{"href":"https:\/\/www.tv2000.it\/tg2000\/wp-json\/wp\/v2\/media?parent=76012"}],"wp:term":[{"taxonomy":"post_tag","embeddable":true,"href":"https:\/\/www.tv2000.it\/tg2000\/wp-json\/wp\/v2\/tags?post=76012"}],"curies":[{"name":"wp","href":"https:\/\/api.w.org\/{rel}","templated":true}]}}

<p>È ormai iniziato il mese di luglio e ci avviciniamo al periodo in cui molti italiani andranno in vacanza. Il turismo è in ripresa, ma chi decide di partire dovrà fare i conti con un aumento dei prezzi. Servizio di Luca Licata.</p>
