{"id":76069,"date":"2021-07-05T19:40:51","date_gmt":"2021-07-05T17:40:51","guid":{"rendered":"http:\/\/www.tv2000.it\/tg2000\/?post_type=video&#038;p=76069"},"modified":"2021-07-05T19:41:02","modified_gmt":"2021-07-05T17:41:02","slug":"riscrivere-il-ddl-zan-su-questa-linea-si-muovono-lega-e-italia-viva","status":"publish","type":"video","link":"https:\/\/www.tv2000.it\/tg2000\/video\/riscrivere-il-ddl-zan-su-questa-linea-si-muovono-lega-e-italia-viva\/","title":{"rendered":"Riscrivere il DDL Zan. Su questa linea si muovono Lega e Italia Viva"},"content":{"rendered":"<p>Riscrivere il DDL Zan. Su questa linea si muovono Lega e Italia Viva, mentre il PD \u00e8 sempre pi\u00f9 isolato. L&#8217;intenzione \u00e8 togliere ogni riferimento all&#8217;identit\u00e0 di genere, facendo si che i motivi di discriminazione sarebbero solo quelli &#8220;fondati sull&#8217;omofobia o sulla transfobia&#8221;. Oltre a questo compare poi all&#8217;articolo 7 il riferimento al rispetto dell&#8217;autonomia scolastica. Servizio di Augusto Cantelmi<\/p>\n","protected":false},"featured_media":76070,"comment_status":"closed","ping_status":"closed","template":"","tags":[],"class_list":["post-76069","video","type-video","status-publish","has-post-thumbnail","hentry","video_category-news","video_category-politica"],"acf":[],"aioseo_notices":[],"url_youtube":"nsCyFZImSdw","featured_image_url":"https:\/\/i.ytimg.com\/vi\/nsCyFZImSdw\/mqdefault.jpg","_links":{"self":[{"href":"https:\/\/www.tv2000.it\/tg2000\/wp-json\/wp\/v2\/video\/76069","targetHints":{"allow":["GET"]}}],"collection":[{"href":"https:\/\/www.tv2000.it\/tg2000\/wp-json\/wp\/v2\/video"}],"about":[{"href":"https:\/\/www.tv2000.it\/tg2000\/wp-json\/wp\/v2\/types\/video"}],"replies":[{"embeddable":true,"href":"https:\/\/www.tv2000.it\/tg2000\/wp-json\/wp\/v2\/comments?post=76069"}],"wp:featuredmedia":[{"embeddable":true,"href":"https:\/\/www.tv2000.it\/tg2000\/wp-json\/wp\/v2\/media\/76070"}],"wp:attachment":[{"href":"https:\/\/www.tv2000.it\/tg2000\/wp-json\/wp\/v2\/media?parent=76069"}],"wp:term":[{"taxonomy":"post_tag","embeddable":true,"href":"https:\/\/www.tv2000.it\/tg2000\/wp-json\/wp\/v2\/tags?post=76069"}],"curies":[{"name":"wp","href":"https:\/\/api.w.org\/{rel}","templated":true}]}}

<p>Riscrivere il DDL Zan. Su questa linea si muovono Lega e Italia Viva, mentre il PD è sempre più isolato. L&#8217;intenzione è togliere ogni riferimento all&#8217;identità di genere, facendo si che i motivi di discriminazione sarebbero solo quelli &#8220;fondati sull&#8217;omofobia o sulla transfobia&#8221;. Oltre a questo compare poi all&#8217;articolo 7 il riferimento al rispetto dell&#8217;autonomia scolastica. Servizio di Augusto Cantelmi</p>
