{"id":76075,"date":"2021-07-05T19:44:49","date_gmt":"2021-07-05T17:44:49","guid":{"rendered":"http:\/\/www.tv2000.it\/tg2000\/?post_type=video&#038;p=76075"},"modified":"2021-07-05T19:44:59","modified_gmt":"2021-07-05T17:44:59","slug":"la-morte-di-raffaella-carra-regina-della-tv-il-ricordo-di-paola-saluzzi","status":"publish","type":"video","link":"https:\/\/www.tv2000.it\/tg2000\/video\/la-morte-di-raffaella-carra-regina-della-tv-il-ricordo-di-paola-saluzzi\/","title":{"rendered":"La morte di Raffaella Carr\u00e0, regina della tv. Il ricordo di Paola Saluzzi"},"content":{"rendered":"<p>\u00c8 morta Raffaella Carr\u00e0, aveva 78 anni. L&#8217;annuncio di Sergio Iapino: &#8216;\u00c8 andata in un mondo migliore, dove la sua umanit\u00e0, la sua inconfondibile risata e il suo straordinario talento risplenderanno per sempre&#8217;. \u00c8 stata la regina della tv degli anni &#8217;70 e &#8217;80, un&#8217;icona dell&#8217;Italia per generazioni di ragazzi. Il ricordo di Paola Saluzzi<\/p>\n","protected":false},"featured_media":76076,"comment_status":"closed","ping_status":"closed","template":"","tags":[],"class_list":["post-76075","video","type-video","status-publish","has-post-thumbnail","hentry","video_category-news"],"acf":[],"aioseo_notices":[],"url_youtube":"OZpku-gKQhE","featured_image_url":"https:\/\/i.ytimg.com\/vi\/OZpku-gKQhE\/mqdefault.jpg","_links":{"self":[{"href":"https:\/\/www.tv2000.it\/tg2000\/wp-json\/wp\/v2\/video\/76075","targetHints":{"allow":["GET"]}}],"collection":[{"href":"https:\/\/www.tv2000.it\/tg2000\/wp-json\/wp\/v2\/video"}],"about":[{"href":"https:\/\/www.tv2000.it\/tg2000\/wp-json\/wp\/v2\/types\/video"}],"replies":[{"embeddable":true,"href":"https:\/\/www.tv2000.it\/tg2000\/wp-json\/wp\/v2\/comments?post=76075"}],"wp:featuredmedia":[{"embeddable":true,"href":"https:\/\/www.tv2000.it\/tg2000\/wp-json\/wp\/v2\/media\/76076"}],"wp:attachment":[{"href":"https:\/\/www.tv2000.it\/tg2000\/wp-json\/wp\/v2\/media?parent=76075"}],"wp:term":[{"taxonomy":"post_tag","embeddable":true,"href":"https:\/\/www.tv2000.it\/tg2000\/wp-json\/wp\/v2\/tags?post=76075"}],"curies":[{"name":"wp","href":"https:\/\/api.w.org\/{rel}","templated":true}]}}

La morte di Raffaella Carrà, regina della tv. Il ricordo di Paola Saluzzi

<p>È morta Raffaella Carrà, aveva 78 anni. L&#8217;annuncio di Sergio Iapino: &#8216;È andata in un mondo migliore, dove la sua umanità, la sua inconfondibile risata e il suo straordinario talento risplenderanno per sempre&#8217;. È stata la regina della tv degli anni &#8217;70 e &#8217;80, un&#8217;icona dell&#8217;Italia per generazioni di ragazzi. Il ricordo di Paola Saluzzi</p>
