{"id":76254,"date":"2021-07-09T19:54:29","date_gmt":"2021-07-09T17:54:29","guid":{"rendered":"http:\/\/www.tv2000.it\/tg2000\/?post_type=video&#038;p=76254"},"modified":"2021-07-09T19:54:42","modified_gmt":"2021-07-09T17:54:42","slug":"sud-sudan-10-anni-indipendente-parla-il-vescovo-mons-carlassare","status":"publish","type":"video","link":"https:\/\/www.tv2000.it\/tg2000\/video\/sud-sudan-10-anni-indipendente-parla-il-vescovo-mons-carlassare\/","title":{"rendered":"Sud Sudan, 10 anni indipendente. Parla il vescovo mons. Carlassare"},"content":{"rendered":"<p>Il Papa ha firmato, insieme ai leader della Chiesa anglicana e scozzese, una lettera per i 10 anni dall&#8217;indipendenza del Sud Sudan. Ma quella di oggi non sar\u00e0 una giornata di festa nella giovane democrazia. E non solo a causa del covid. Il paese infatti \u00e8 costantemente minacciato dalle violenze tra gruppi ribelli ed \u00e8 vittima di una crisi umanitaria gravissima. Servizio di Maurizio Di Schino<\/p>\n","protected":false},"featured_media":76255,"comment_status":"closed","ping_status":"closed","template":"","tags":[],"class_list":["post-76254","video","type-video","status-publish","has-post-thumbnail","hentry","video_category-esteri","video_category-news"],"acf":[],"aioseo_notices":[],"url_youtube":"kNJ-IJIVc5A","featured_image_url":"https:\/\/i.ytimg.com\/vi\/kNJ-IJIVc5A\/mqdefault.jpg","_links":{"self":[{"href":"https:\/\/www.tv2000.it\/tg2000\/wp-json\/wp\/v2\/video\/76254","targetHints":{"allow":["GET"]}}],"collection":[{"href":"https:\/\/www.tv2000.it\/tg2000\/wp-json\/wp\/v2\/video"}],"about":[{"href":"https:\/\/www.tv2000.it\/tg2000\/wp-json\/wp\/v2\/types\/video"}],"replies":[{"embeddable":true,"href":"https:\/\/www.tv2000.it\/tg2000\/wp-json\/wp\/v2\/comments?post=76254"}],"wp:featuredmedia":[{"embeddable":true,"href":"https:\/\/www.tv2000.it\/tg2000\/wp-json\/wp\/v2\/media\/76255"}],"wp:attachment":[{"href":"https:\/\/www.tv2000.it\/tg2000\/wp-json\/wp\/v2\/media?parent=76254"}],"wp:term":[{"taxonomy":"post_tag","embeddable":true,"href":"https:\/\/www.tv2000.it\/tg2000\/wp-json\/wp\/v2\/tags?post=76254"}],"curies":[{"name":"wp","href":"https:\/\/api.w.org\/{rel}","templated":true}]}}

<p>Il Papa ha firmato, insieme ai leader della Chiesa anglicana e scozzese, una lettera per i 10 anni dall&#8217;indipendenza del Sud Sudan. Ma quella di oggi non sarà una giornata di festa nella giovane democrazia. E non solo a causa del covid. Il paese infatti è costantemente minacciato dalle violenze tra gruppi ribelli ed è vittima di una crisi umanitaria gravissima. Servizio di Maurizio Di Schino</p>
