{"id":76259,"date":"2021-07-09T20:01:55","date_gmt":"2021-07-09T18:01:55","guid":{"rendered":"http:\/\/www.tv2000.it\/tg2000\/?post_type=video&#038;p=76259"},"modified":"2021-07-09T20:05:47","modified_gmt":"2021-07-09T18:05:47","slug":"istat-ripresa-e-vicina-ma-litalia-e-piu-povera-per-colpa-della-pandemia","status":"publish","type":"video","link":"https:\/\/www.tv2000.it\/tg2000\/video\/istat-ripresa-e-vicina-ma-litalia-e-piu-povera-per-colpa-della-pandemia\/","title":{"rendered":"Istat, ripresa \u00e8 vicina ma l&#8217;Italia \u00e8 pi\u00f9 povera per colpa della pandemia"},"content":{"rendered":"<p>La ripresa \u00e8 vicina secondo l&#8217;Istat ma l&#8217;Italia, a causa della pandemia, \u00e8 pi\u00f9 povera. E sempre il 2020 ha segnato il record negativo di nascite. Servizio di Luigi Ferraiuolo.<\/p>\n","protected":false},"featured_media":76260,"comment_status":"closed","ping_status":"closed","template":"","tags":[],"class_list":["post-76259","video","type-video","status-publish","has-post-thumbnail","hentry","video_category-news"],"acf":[],"aioseo_notices":[],"url_youtube":"oSsLmQi2uTM","featured_image_url":"https:\/\/i.ytimg.com\/vi\/oSsLmQi2uTM\/mqdefault.jpg","_links":{"self":[{"href":"https:\/\/www.tv2000.it\/tg2000\/wp-json\/wp\/v2\/video\/76259","targetHints":{"allow":["GET"]}}],"collection":[{"href":"https:\/\/www.tv2000.it\/tg2000\/wp-json\/wp\/v2\/video"}],"about":[{"href":"https:\/\/www.tv2000.it\/tg2000\/wp-json\/wp\/v2\/types\/video"}],"replies":[{"embeddable":true,"href":"https:\/\/www.tv2000.it\/tg2000\/wp-json\/wp\/v2\/comments?post=76259"}],"wp:featuredmedia":[{"embeddable":true,"href":"https:\/\/www.tv2000.it\/tg2000\/wp-json\/wp\/v2\/media\/76260"}],"wp:attachment":[{"href":"https:\/\/www.tv2000.it\/tg2000\/wp-json\/wp\/v2\/media?parent=76259"}],"wp:term":[{"taxonomy":"post_tag","embeddable":true,"href":"https:\/\/www.tv2000.it\/tg2000\/wp-json\/wp\/v2\/tags?post=76259"}],"curies":[{"name":"wp","href":"https:\/\/api.w.org\/{rel}","templated":true}]}}

Istat, ripresa è vicina ma l&#8217;Italia è più povera per colpa della pandemia

<p>La ripresa è vicina secondo l&#8217;Istat ma l&#8217;Italia, a causa della pandemia, è più povera. E sempre il 2020 ha segnato il record negativo di nascite. Servizio di Luigi Ferraiuolo.</p>
