{"id":76265,"date":"2021-07-09T20:13:57","date_gmt":"2021-07-09T18:13:57","guid":{"rendered":"http:\/\/www.tv2000.it\/tg2000\/?post_type=video&#038;p=76265"},"modified":"2021-07-09T20:14:15","modified_gmt":"2021-07-09T18:14:15","slug":"covid-rialzo-contagi-per-la-variante-delta-aifa-88-reazioni-al-vaccino-non-sono-gravi","status":"publish","type":"video","link":"https:\/\/www.tv2000.it\/tg2000\/video\/covid-rialzo-contagi-per-la-variante-delta-aifa-88-reazioni-al-vaccino-non-sono-gravi\/","title":{"rendered":"Covid, rialzo contagi per la variante Delta. Aifa: 88% reazioni al vaccino non sono gravi"},"content":{"rendered":"<p>La circolazione della variante Delta in Italia \u00e8 in aumento ma la situazione non \u00e8 critica. Lo dice il monitoraggio settimanale di Istituto superiore di sanit\u00e0 e ministero della Salute. Intanto l&#8217;Aifa fa sapere che quasi l&#8217;88% delle reazioni al vaccino segnalate non sono gravi. Servizio di Alessandra Camarca.<\/p>\n","protected":false},"featured_media":76266,"comment_status":"closed","ping_status":"closed","template":"","tags":[2000],"class_list":["post-76265","video","type-video","status-publish","has-post-thumbnail","hentry","tag-coronavirus","video_category-attualita","video_category-news"],"acf":[],"aioseo_notices":[],"url_youtube":"BZEbJTAsbEA","featured_image_url":"https:\/\/i.ytimg.com\/vi\/BZEbJTAsbEA\/mqdefault.jpg","_links":{"self":[{"href":"https:\/\/www.tv2000.it\/tg2000\/wp-json\/wp\/v2\/video\/76265","targetHints":{"allow":["GET"]}}],"collection":[{"href":"https:\/\/www.tv2000.it\/tg2000\/wp-json\/wp\/v2\/video"}],"about":[{"href":"https:\/\/www.tv2000.it\/tg2000\/wp-json\/wp\/v2\/types\/video"}],"replies":[{"embeddable":true,"href":"https:\/\/www.tv2000.it\/tg2000\/wp-json\/wp\/v2\/comments?post=76265"}],"wp:featuredmedia":[{"embeddable":true,"href":"https:\/\/www.tv2000.it\/tg2000\/wp-json\/wp\/v2\/media\/76266"}],"wp:attachment":[{"href":"https:\/\/www.tv2000.it\/tg2000\/wp-json\/wp\/v2\/media?parent=76265"}],"wp:term":[{"taxonomy":"post_tag","embeddable":true,"href":"https:\/\/www.tv2000.it\/tg2000\/wp-json\/wp\/v2\/tags?post=76265"}],"curies":[{"name":"wp","href":"https:\/\/api.w.org\/{rel}","templated":true}]}}

<p>La circolazione della variante Delta in Italia è in aumento ma la situazione non è critica. Lo dice il monitoraggio settimanale di Istituto superiore di sanità e ministero della Salute. Intanto l&#8217;Aifa fa sapere che quasi l&#8217;88% delle reazioni al vaccino segnalate non sono gravi. Servizio di Alessandra Camarca.</p>
