{"id":76271,"date":"2021-07-09T20:19:56","date_gmt":"2021-07-09T18:19:56","guid":{"rendered":"http:\/\/www.tv2000.it\/tg2000\/?post_type=video&#038;p=76271"},"modified":"2021-07-09T20:20:15","modified_gmt":"2021-07-09T18:20:15","slug":"funerali-raffaella-carra-il-dolore-in-un-sorriso","status":"publish","type":"video","link":"https:\/\/www.tv2000.it\/tg2000\/video\/funerali-raffaella-carra-il-dolore-in-un-sorriso\/","title":{"rendered":"Funerali Raffaella Carr\u00e0: il dolore in un sorriso"},"content":{"rendered":"<p>Gente comune, colleghi del mondo dello spettacolo, autorit\u00e0. In tantissimi hanno partecipato ai funerali di Raffaella Carr\u00e0, a Roma, nella basilica di Santa Maria in Aracoeli. Servizio di Silvio Vitelli.<\/p>\n","protected":false},"featured_media":76272,"comment_status":"closed","ping_status":"closed","template":"","tags":[],"class_list":["post-76271","video","type-video","status-publish","has-post-thumbnail","hentry","video_category-news"],"acf":[],"aioseo_notices":[],"url_youtube":"_2WFU3DFoOo","featured_image_url":"https:\/\/i.ytimg.com\/vi\/_2WFU3DFoOo\/mqdefault.jpg","_links":{"self":[{"href":"https:\/\/www.tv2000.it\/tg2000\/wp-json\/wp\/v2\/video\/76271","targetHints":{"allow":["GET"]}}],"collection":[{"href":"https:\/\/www.tv2000.it\/tg2000\/wp-json\/wp\/v2\/video"}],"about":[{"href":"https:\/\/www.tv2000.it\/tg2000\/wp-json\/wp\/v2\/types\/video"}],"replies":[{"embeddable":true,"href":"https:\/\/www.tv2000.it\/tg2000\/wp-json\/wp\/v2\/comments?post=76271"}],"wp:featuredmedia":[{"embeddable":true,"href":"https:\/\/www.tv2000.it\/tg2000\/wp-json\/wp\/v2\/media\/76272"}],"wp:attachment":[{"href":"https:\/\/www.tv2000.it\/tg2000\/wp-json\/wp\/v2\/media?parent=76271"}],"wp:term":[{"taxonomy":"post_tag","embeddable":true,"href":"https:\/\/www.tv2000.it\/tg2000\/wp-json\/wp\/v2\/tags?post=76271"}],"curies":[{"name":"wp","href":"https:\/\/api.w.org\/{rel}","templated":true}]}}

Funerali Raffaella Carrà: il dolore in un sorriso

<p>Gente comune, colleghi del mondo dello spettacolo, autorità. In tantissimi hanno partecipato ai funerali di Raffaella Carrà, a Roma, nella basilica di Santa Maria in Aracoeli. Servizio di Silvio Vitelli.</p>
