{"id":79799,"date":"2021-10-22T19:52:14","date_gmt":"2021-10-22T17:52:14","guid":{"rendered":"http:\/\/www.tv2000.it\/tg2000\/?post_type=video&#038;p=79799"},"modified":"2021-10-22T19:54:46","modified_gmt":"2021-10-22T17:54:46","slug":"trieste-vigilia-di-proteste-i-no-green-pass-liberano-piazza-unita","status":"publish","type":"video","link":"https:\/\/www.tv2000.it\/tg2000\/video\/trieste-vigilia-di-proteste-i-no-green-pass-liberano-piazza-unita\/","title":{"rendered":"Trieste, vigilia di proteste. I no green pass liberano Piazza Unit\u00e0"},"content":{"rendered":"<p>A Trieste i no green pass liberano Piazza Unit\u00e0, per non dare occasione a chi vorrebbe strumentalizzare la protesta, come gi\u00e0 accaduto in altre occasioni. Servizio di Beatrice Bossi<\/p>\n","protected":false},"featured_media":79805,"comment_status":"closed","ping_status":"closed","template":"","tags":[],"class_list":["post-79799","video","type-video","status-publish","has-post-thumbnail","hentry","video_category-attualita","video_category-news"],"acf":[],"aioseo_notices":[],"url_youtube":"Bd3HdfUVtCU","featured_image_url":"https:\/\/i.ytimg.com\/vi\/Bd3HdfUVtCU\/mqdefault.jpg","_links":{"self":[{"href":"https:\/\/www.tv2000.it\/tg2000\/wp-json\/wp\/v2\/video\/79799","targetHints":{"allow":["GET"]}}],"collection":[{"href":"https:\/\/www.tv2000.it\/tg2000\/wp-json\/wp\/v2\/video"}],"about":[{"href":"https:\/\/www.tv2000.it\/tg2000\/wp-json\/wp\/v2\/types\/video"}],"replies":[{"embeddable":true,"href":"https:\/\/www.tv2000.it\/tg2000\/wp-json\/wp\/v2\/comments?post=79799"}],"wp:featuredmedia":[{"embeddable":true,"href":"https:\/\/www.tv2000.it\/tg2000\/wp-json\/wp\/v2\/media\/79805"}],"wp:attachment":[{"href":"https:\/\/www.tv2000.it\/tg2000\/wp-json\/wp\/v2\/media?parent=79799"}],"wp:term":[{"taxonomy":"post_tag","embeddable":true,"href":"https:\/\/www.tv2000.it\/tg2000\/wp-json\/wp\/v2\/tags?post=79799"}],"curies":[{"name":"wp","href":"https:\/\/api.w.org\/{rel}","templated":true}]}}

Trieste, vigilia di proteste. I no green pass liberano Piazza Unità

<p>A Trieste i no green pass liberano Piazza Unità, per non dare occasione a chi vorrebbe strumentalizzare la protesta, come già accaduto in altre occasioni. Servizio di Beatrice Bossi</p>
