{"id":79943,"date":"2021-10-26T19:49:26","date_gmt":"2021-10-26T17:49:26","guid":{"rendered":"http:\/\/www.tv2000.it\/tg2000\/?post_type=video&#038;p=79943"},"modified":"2021-10-26T19:52:06","modified_gmt":"2021-10-26T17:52:06","slug":"covid-sileri-entro-anno-terza-dose-per-anziani-e-sanitari-poi-tutti-gli-altri","status":"publish","type":"video","link":"https:\/\/www.tv2000.it\/tg2000\/video\/covid-sileri-entro-anno-terza-dose-per-anziani-e-sanitari-poi-tutti-gli-altri\/","title":{"rendered":"Covid, Sileri: \u201cEntro anno terza dose per anziani e sanitari, poi tutti gli altri\u201d"},"content":{"rendered":"<p>Entro la fine dell&#8217;anno verr\u00e0 somministrata la terza dose ad anziani e personale sanitario. Poi, da gennaio, si comincer\u00e0 con il resto della popolazione. Lo ha detto il sottosegretario alla salute Sileri. Scende il tasso di positivit\u00e0 allo 0,6%, 4.054 i nuovi casi in Italia e 48 morti. Servizio di Barbara Masulli<\/p>\n","protected":false},"featured_media":79949,"comment_status":"closed","ping_status":"closed","template":"","tags":[2000],"class_list":["post-79943","video","type-video","status-publish","has-post-thumbnail","hentry","tag-coronavirus","video_category-attualita","video_category-news"],"acf":[],"aioseo_notices":[],"url_youtube":"Nu_VWqbrX_M","featured_image_url":"https:\/\/i.ytimg.com\/vi\/Nu_VWqbrX_M\/mqdefault.jpg","_links":{"self":[{"href":"https:\/\/www.tv2000.it\/tg2000\/wp-json\/wp\/v2\/video\/79943","targetHints":{"allow":["GET"]}}],"collection":[{"href":"https:\/\/www.tv2000.it\/tg2000\/wp-json\/wp\/v2\/video"}],"about":[{"href":"https:\/\/www.tv2000.it\/tg2000\/wp-json\/wp\/v2\/types\/video"}],"replies":[{"embeddable":true,"href":"https:\/\/www.tv2000.it\/tg2000\/wp-json\/wp\/v2\/comments?post=79943"}],"wp:featuredmedia":[{"embeddable":true,"href":"https:\/\/www.tv2000.it\/tg2000\/wp-json\/wp\/v2\/media\/79949"}],"wp:attachment":[{"href":"https:\/\/www.tv2000.it\/tg2000\/wp-json\/wp\/v2\/media?parent=79943"}],"wp:term":[{"taxonomy":"post_tag","embeddable":true,"href":"https:\/\/www.tv2000.it\/tg2000\/wp-json\/wp\/v2\/tags?post=79943"}],"curies":[{"name":"wp","href":"https:\/\/api.w.org\/{rel}","templated":true}]}}

<p>Entro la fine dell&#8217;anno verrà somministrata la terza dose ad anziani e personale sanitario. Poi, da gennaio, si comincerà con il resto della popolazione. Lo ha detto il sottosegretario alla salute Sileri. Scende il tasso di positività allo 0,6%, 4.054 i nuovi casi in Italia e 48 morti. Servizio di Barbara Masulli</p>
