{"id":80042,"date":"2021-10-28T19:57:01","date_gmt":"2021-10-28T17:57:01","guid":{"rendered":"http:\/\/www.tv2000.it\/tg2000\/?post_type=video&#038;p=80042"},"modified":"2021-10-28T19:57:16","modified_gmt":"2021-10-28T17:57:16","slug":"missionari-italiani-nel-mondo-il-messaggio-di-mattarella","status":"publish","type":"video","link":"https:\/\/www.tv2000.it\/tg2000\/video\/missionari-italiani-nel-mondo-il-messaggio-di-mattarella\/","title":{"rendered":"Missionari italiani nel mondo. Il messaggio di Mattarella"},"content":{"rendered":"<p>I missionari italiani condividono con le comunit\u00e0 ospitanti l&#8217;orizzonte di un futuro migliore. Il loro contributo \u00e8 apprezzatissimo dai paesi di accoglienza e dagli italiani all&#8217;estero. Cos\u00ec il presidente della Repubblica Mattarella, in un messaggio alla prima conferenza dei missionari italiani nel mondo. Testimoni di cristo e difensori della dignit\u00e0 umana, sono impegnati a promuovere la giustizia, il dialogo e la solidariet\u00e0. Servizio di Leonardo Possati<\/p>\n","protected":false},"featured_media":80043,"comment_status":"closed","ping_status":"closed","template":"","tags":[],"class_list":["post-80042","video","type-video","status-publish","has-post-thumbnail","hentry","video_category-news"],"acf":[],"aioseo_notices":[],"url_youtube":"3X83FZjHqdY","featured_image_url":"https:\/\/i.ytimg.com\/vi\/3X83FZjHqdY\/mqdefault.jpg","_links":{"self":[{"href":"https:\/\/www.tv2000.it\/tg2000\/wp-json\/wp\/v2\/video\/80042","targetHints":{"allow":["GET"]}}],"collection":[{"href":"https:\/\/www.tv2000.it\/tg2000\/wp-json\/wp\/v2\/video"}],"about":[{"href":"https:\/\/www.tv2000.it\/tg2000\/wp-json\/wp\/v2\/types\/video"}],"replies":[{"embeddable":true,"href":"https:\/\/www.tv2000.it\/tg2000\/wp-json\/wp\/v2\/comments?post=80042"}],"wp:featuredmedia":[{"embeddable":true,"href":"https:\/\/www.tv2000.it\/tg2000\/wp-json\/wp\/v2\/media\/80043"}],"wp:attachment":[{"href":"https:\/\/www.tv2000.it\/tg2000\/wp-json\/wp\/v2\/media?parent=80042"}],"wp:term":[{"taxonomy":"post_tag","embeddable":true,"href":"https:\/\/www.tv2000.it\/tg2000\/wp-json\/wp\/v2\/tags?post=80042"}],"curies":[{"name":"wp","href":"https:\/\/api.w.org\/{rel}","templated":true}]}}

<p>I missionari italiani condividono con le comunità ospitanti l&#8217;orizzonte di un futuro migliore. Il loro contributo è apprezzatissimo dai paesi di accoglienza e dagli italiani all&#8217;estero. Così il presidente della Repubblica Mattarella, in un messaggio alla prima conferenza dei missionari italiani nel mondo. Testimoni di cristo e difensori della dignità umana, sono impegnati a promuovere la giustizia, il dialogo e la solidarietà. Servizio di Leonardo Possati</p>
