{"id":80171,"date":"2021-11-02T19:48:19","date_gmt":"2021-11-02T18:48:19","guid":{"rendered":"http:\/\/www.tv2000.it\/tg2000\/?post_type=video&#038;p=80171"},"modified":"2021-11-02T19:48:31","modified_gmt":"2021-11-02T18:48:31","slug":"i-cento-anni-di-wanda-poltawska-lamica-di-karol-woytjla","status":"publish","type":"video","link":"https:\/\/www.tv2000.it\/tg2000\/video\/i-cento-anni-di-wanda-poltawska-lamica-di-karol-woytjla\/","title":{"rendered":"I cento anni di Wanda Po\u0142tawska, l\u2019amica di Karol Woytjla"},"content":{"rendered":"<p>Presso la tomba di San Giovanni Paolo II, nella basilica vaticana, in mattinata \u00e8 stata celebrata una messa in occasione del compimento del centesimo anno di Wanda P\u00f3\u0142tawska, amica e collaboratrice di papa Wojtyla, ex prigioniera del campo tedesco di Ravensbr\u00fcck. Il ritratto della psichiatra, attivista e accademica polacca nel servizio di Nicola Ferrante.<\/p>\n","protected":false},"featured_media":80172,"comment_status":"closed","ping_status":"closed","template":"","tags":[],"class_list":["post-80171","video","type-video","status-publish","has-post-thumbnail","hentry","video_category-news"],"acf":[],"aioseo_notices":[],"url_youtube":"FyFSSrq0_4I","featured_image_url":"https:\/\/i.ytimg.com\/vi\/FyFSSrq0_4I\/mqdefault.jpg","_links":{"self":[{"href":"https:\/\/www.tv2000.it\/tg2000\/wp-json\/wp\/v2\/video\/80171","targetHints":{"allow":["GET"]}}],"collection":[{"href":"https:\/\/www.tv2000.it\/tg2000\/wp-json\/wp\/v2\/video"}],"about":[{"href":"https:\/\/www.tv2000.it\/tg2000\/wp-json\/wp\/v2\/types\/video"}],"replies":[{"embeddable":true,"href":"https:\/\/www.tv2000.it\/tg2000\/wp-json\/wp\/v2\/comments?post=80171"}],"wp:featuredmedia":[{"embeddable":true,"href":"https:\/\/www.tv2000.it\/tg2000\/wp-json\/wp\/v2\/media\/80172"}],"wp:attachment":[{"href":"https:\/\/www.tv2000.it\/tg2000\/wp-json\/wp\/v2\/media?parent=80171"}],"wp:term":[{"taxonomy":"post_tag","embeddable":true,"href":"https:\/\/www.tv2000.it\/tg2000\/wp-json\/wp\/v2\/tags?post=80171"}],"curies":[{"name":"wp","href":"https:\/\/api.w.org\/{rel}","templated":true}]}}

I cento anni di Wanda Połtawska, l’amica di Karol Woytjla

<p>Presso la tomba di San Giovanni Paolo II, nella basilica vaticana, in mattinata è stata celebrata una messa in occasione del compimento del centesimo anno di Wanda Półtawska, amica e collaboratrice di papa Wojtyla, ex prigioniera del campo tedesco di Ravensbrück. Il ritratto della psichiatra, attivista e accademica polacca nel servizio di Nicola Ferrante.</p>
