{"id":80280,"date":"2021-11-04T19:37:26","date_gmt":"2021-11-04T18:37:26","guid":{"rendered":"http:\/\/www.tv2000.it\/tg2000\/?post_type=video&#038;p=80280"},"modified":"2021-11-04T19:37:39","modified_gmt":"2021-11-04T18:37:39","slug":"amministratori-sotto-tiro-piu-intimidazioni-e-violenze","status":"publish","type":"video","link":"https:\/\/www.tv2000.it\/tg2000\/video\/amministratori-sotto-tiro-piu-intimidazioni-e-violenze\/","title":{"rendered":"Amministratori sotto tiro, pi\u00f9 intimidazioni e violenze"},"content":{"rendered":"<p>Amministratori sotto tiro, sempre pi\u00f9 intimidazioni e violenze. \u00c8 l\u2019allarme lanciato dal decimo rapporto di avviso pubblico. Un pericolo incrementato dalla pandemia e da un clima crescente di sfiducia nelle istituzioni. Servizio di Luigi Ferraiuolo.<\/p>\n","protected":false},"featured_media":80281,"comment_status":"closed","ping_status":"closed","template":"","tags":[],"class_list":["post-80280","video","type-video","status-publish","has-post-thumbnail","hentry","video_category-news"],"acf":[],"aioseo_notices":[],"url_youtube":"4mQdDeGe5wY","featured_image_url":"https:\/\/i.ytimg.com\/vi\/4mQdDeGe5wY\/mqdefault.jpg","_links":{"self":[{"href":"https:\/\/www.tv2000.it\/tg2000\/wp-json\/wp\/v2\/video\/80280","targetHints":{"allow":["GET"]}}],"collection":[{"href":"https:\/\/www.tv2000.it\/tg2000\/wp-json\/wp\/v2\/video"}],"about":[{"href":"https:\/\/www.tv2000.it\/tg2000\/wp-json\/wp\/v2\/types\/video"}],"replies":[{"embeddable":true,"href":"https:\/\/www.tv2000.it\/tg2000\/wp-json\/wp\/v2\/comments?post=80280"}],"wp:featuredmedia":[{"embeddable":true,"href":"https:\/\/www.tv2000.it\/tg2000\/wp-json\/wp\/v2\/media\/80281"}],"wp:attachment":[{"href":"https:\/\/www.tv2000.it\/tg2000\/wp-json\/wp\/v2\/media?parent=80280"}],"wp:term":[{"taxonomy":"post_tag","embeddable":true,"href":"https:\/\/www.tv2000.it\/tg2000\/wp-json\/wp\/v2\/tags?post=80280"}],"curies":[{"name":"wp","href":"https:\/\/api.w.org\/{rel}","templated":true}]}}

Amministratori sotto tiro, più intimidazioni e violenze

<p>Amministratori sotto tiro, sempre più intimidazioni e violenze. È l’allarme lanciato dal decimo rapporto di avviso pubblico. Un pericolo incrementato dalla pandemia e da un clima crescente di sfiducia nelle istituzioni. Servizio di Luigi Ferraiuolo.</p>
