{"id":80521,"date":"2021-11-10T20:06:33","date_gmt":"2021-11-10T19:06:33","guid":{"rendered":"http:\/\/www.tv2000.it\/tg2000\/?post_type=video&#038;p=80521"},"modified":"2021-11-10T20:06:45","modified_gmt":"2021-11-10T19:06:45","slug":"mattarella-consegna-stelle-al-merito-del-lavoro","status":"publish","type":"video","link":"https:\/\/www.tv2000.it\/tg2000\/video\/mattarella-consegna-stelle-al-merito-del-lavoro\/","title":{"rendered":"Mattarella consegna \u201cstelle al merito del lavoro\u201d"},"content":{"rendered":"<p>Il lavoro \u00e8 il valore su cui si basa la coesione della societ\u00e0. Cos\u00ec il presidente della Repubblica, Sergio Mattarella, consegnando le \u201cstelle al merito del lavoro\u201d. Servizio di Clara Iatosti<\/p>\n","protected":false},"featured_media":80522,"comment_status":"closed","ping_status":"closed","template":"","tags":[],"class_list":["post-80521","video","type-video","status-publish","has-post-thumbnail","hentry","video_category-news"],"acf":[],"aioseo_notices":[],"url_youtube":"Gmyj_3-defc","featured_image_url":"https:\/\/i.ytimg.com\/vi\/Gmyj_3-defc\/mqdefault.jpg","_links":{"self":[{"href":"https:\/\/www.tv2000.it\/tg2000\/wp-json\/wp\/v2\/video\/80521","targetHints":{"allow":["GET"]}}],"collection":[{"href":"https:\/\/www.tv2000.it\/tg2000\/wp-json\/wp\/v2\/video"}],"about":[{"href":"https:\/\/www.tv2000.it\/tg2000\/wp-json\/wp\/v2\/types\/video"}],"replies":[{"embeddable":true,"href":"https:\/\/www.tv2000.it\/tg2000\/wp-json\/wp\/v2\/comments?post=80521"}],"wp:featuredmedia":[{"embeddable":true,"href":"https:\/\/www.tv2000.it\/tg2000\/wp-json\/wp\/v2\/media\/80522"}],"wp:attachment":[{"href":"https:\/\/www.tv2000.it\/tg2000\/wp-json\/wp\/v2\/media?parent=80521"}],"wp:term":[{"taxonomy":"post_tag","embeddable":true,"href":"https:\/\/www.tv2000.it\/tg2000\/wp-json\/wp\/v2\/tags?post=80521"}],"curies":[{"name":"wp","href":"https:\/\/api.w.org\/{rel}","templated":true}]}}

<p>Il lavoro è il valore su cui si basa la coesione della società. Così il presidente della Repubblica, Sergio Mattarella, consegnando le “stelle al merito del lavoro”. Servizio di Clara Iatosti</p>
