{"id":80624,"date":"2021-11-12T19:47:46","date_gmt":"2021-11-12T18:47:46","guid":{"rendered":"http:\/\/www.tv2000.it\/tg2000\/?post_type=video&#038;p=80624"},"modified":"2021-11-12T19:47:59","modified_gmt":"2021-11-12T18:47:59","slug":"covid-nessuna-regione-italiana-passera-in-zona-gialla-fascia-deta-piu-contagiata-30-50-anni","status":"publish","type":"video","link":"https:\/\/www.tv2000.it\/tg2000\/video\/covid-nessuna-regione-italiana-passera-in-zona-gialla-fascia-deta-piu-contagiata-30-50-anni\/","title":{"rendered":"Covid, nessuna Regione italiana passer\u00e0 in zona gialla. Fascia d&#8217;et\u00e0 pi\u00f9 contagiata 30-50 anni"},"content":{"rendered":"<p>Nessuna Regione passer\u00e0 in zona gialla nonostante la crescita del contagio. La fascia d&#8217;et\u00e0 pi\u00f9 colpita \u00e8 quella compresa tra i 30 e i 50 anni. Aumentano i casi nei bambini sotto i 12 anni Servizio di Leonardo Possati<\/p>\n","protected":false},"featured_media":80625,"comment_status":"closed","ping_status":"closed","template":"","tags":[2000],"class_list":["post-80624","video","type-video","status-publish","has-post-thumbnail","hentry","tag-coronavirus","video_category-attualita","video_category-news"],"acf":[],"aioseo_notices":[],"url_youtube":"6jLemzfEaqE","featured_image_url":"https:\/\/i.ytimg.com\/vi\/6jLemzfEaqE\/mqdefault.jpg","_links":{"self":[{"href":"https:\/\/www.tv2000.it\/tg2000\/wp-json\/wp\/v2\/video\/80624","targetHints":{"allow":["GET"]}}],"collection":[{"href":"https:\/\/www.tv2000.it\/tg2000\/wp-json\/wp\/v2\/video"}],"about":[{"href":"https:\/\/www.tv2000.it\/tg2000\/wp-json\/wp\/v2\/types\/video"}],"replies":[{"embeddable":true,"href":"https:\/\/www.tv2000.it\/tg2000\/wp-json\/wp\/v2\/comments?post=80624"}],"wp:featuredmedia":[{"embeddable":true,"href":"https:\/\/www.tv2000.it\/tg2000\/wp-json\/wp\/v2\/media\/80625"}],"wp:attachment":[{"href":"https:\/\/www.tv2000.it\/tg2000\/wp-json\/wp\/v2\/media?parent=80624"}],"wp:term":[{"taxonomy":"post_tag","embeddable":true,"href":"https:\/\/www.tv2000.it\/tg2000\/wp-json\/wp\/v2\/tags?post=80624"}],"curies":[{"name":"wp","href":"https:\/\/api.w.org\/{rel}","templated":true}]}}

Covid, nessuna Regione italiana passerà in zona gialla. Fascia d&#8217;età più contagiata 30-50 anni

<p>Nessuna Regione passerà in zona gialla nonostante la crescita del contagio. La fascia d&#8217;età più colpita è quella compresa tra i 30 e i 50 anni. Aumentano i casi nei bambini sotto i 12 anni Servizio di Leonardo Possati</p>
