{"id":80732,"date":"2021-11-16T20:23:40","date_gmt":"2021-11-16T19:23:40","guid":{"rendered":"http:\/\/www.tv2000.it\/tg2000\/?post_type=video&#038;p=80732"},"modified":"2021-11-16T20:23:51","modified_gmt":"2021-11-16T19:23:51","slug":"si-dimette-dalla-guida-di-comunione-e-liberazione-don-julian-carron","status":"publish","type":"video","link":"https:\/\/www.tv2000.it\/tg2000\/video\/si-dimette-dalla-guida-di-comunione-e-liberazione-don-julian-carron\/","title":{"rendered":"Si dimette dalla guida di Comunione e Liberazione, don Juli\u00e1n Carr\u00f3n"},"content":{"rendered":"<p>Si dimette dalla guida di Comunione e Liberazione, don Juli\u00e1n Carr\u00f3n. Una decisione maturata in seguito all&#8217;indicazione del Papa sull\u2019esercizio del governo all\u2019interno dei movimenti. Il servizio di Luciano Piscaglia<\/p>\n","protected":false},"featured_media":80733,"comment_status":"closed","ping_status":"closed","template":"","tags":[],"class_list":["post-80732","video","type-video","status-publish","has-post-thumbnail","hentry","video_category-news"],"acf":[],"aioseo_notices":[],"url_youtube":"ZcpmKnYaEOA","featured_image_url":"https:\/\/i.ytimg.com\/vi\/ZcpmKnYaEOA\/mqdefault.jpg","_links":{"self":[{"href":"https:\/\/www.tv2000.it\/tg2000\/wp-json\/wp\/v2\/video\/80732","targetHints":{"allow":["GET"]}}],"collection":[{"href":"https:\/\/www.tv2000.it\/tg2000\/wp-json\/wp\/v2\/video"}],"about":[{"href":"https:\/\/www.tv2000.it\/tg2000\/wp-json\/wp\/v2\/types\/video"}],"replies":[{"embeddable":true,"href":"https:\/\/www.tv2000.it\/tg2000\/wp-json\/wp\/v2\/comments?post=80732"}],"wp:featuredmedia":[{"embeddable":true,"href":"https:\/\/www.tv2000.it\/tg2000\/wp-json\/wp\/v2\/media\/80733"}],"wp:attachment":[{"href":"https:\/\/www.tv2000.it\/tg2000\/wp-json\/wp\/v2\/media?parent=80732"}],"wp:term":[{"taxonomy":"post_tag","embeddable":true,"href":"https:\/\/www.tv2000.it\/tg2000\/wp-json\/wp\/v2\/tags?post=80732"}],"curies":[{"name":"wp","href":"https:\/\/api.w.org\/{rel}","templated":true}]}}

Si dimette dalla guida di Comunione e Liberazione, don Julián Carrón

<p>Si dimette dalla guida di Comunione e Liberazione, don Julián Carrón. Una decisione maturata in seguito all&#8217;indicazione del Papa sull’esercizio del governo all’interno dei movimenti. Il servizio di Luciano Piscaglia</p>
