{"id":80744,"date":"2021-11-16T20:41:03","date_gmt":"2021-11-16T19:41:03","guid":{"rendered":"http:\/\/www.tv2000.it\/tg2000\/?post_type=video&#038;p=80744"},"modified":"2021-11-16T20:41:12","modified_gmt":"2021-11-16T19:41:12","slug":"covid-e-bambini-la-preoccupazione-dellospedale-bambino-gesu","status":"publish","type":"video","link":"https:\/\/www.tv2000.it\/tg2000\/video\/covid-e-bambini-la-preoccupazione-dellospedale-bambino-gesu\/","title":{"rendered":"Covid e bambini, la preoccupazione dell&#8217;ospedale Bambino Ges\u00f9"},"content":{"rendered":"<p>Un focus su una fascia d&#8217;et\u00e0 che sembra pi\u00f9 esposta a questa nuova ondata del virus, quella dei bambini. I minori di 12 anni non sono ancora vaccinati &#8211; n\u00e8 al momento vaccinabili &#8211; e di conseguenza aumentano i ricoveri. Servizi di Barbara Masulli<\/p>\n","protected":false},"featured_media":80745,"comment_status":"closed","ping_status":"closed","template":"","tags":[2000],"class_list":["post-80744","video","type-video","status-publish","has-post-thumbnail","hentry","tag-coronavirus","video_category-attualita","video_category-news"],"acf":[],"aioseo_notices":[],"url_youtube":"bDhEjzlMOOw","featured_image_url":"https:\/\/i.ytimg.com\/vi\/bDhEjzlMOOw\/mqdefault.jpg","_links":{"self":[{"href":"https:\/\/www.tv2000.it\/tg2000\/wp-json\/wp\/v2\/video\/80744","targetHints":{"allow":["GET"]}}],"collection":[{"href":"https:\/\/www.tv2000.it\/tg2000\/wp-json\/wp\/v2\/video"}],"about":[{"href":"https:\/\/www.tv2000.it\/tg2000\/wp-json\/wp\/v2\/types\/video"}],"replies":[{"embeddable":true,"href":"https:\/\/www.tv2000.it\/tg2000\/wp-json\/wp\/v2\/comments?post=80744"}],"wp:featuredmedia":[{"embeddable":true,"href":"https:\/\/www.tv2000.it\/tg2000\/wp-json\/wp\/v2\/media\/80745"}],"wp:attachment":[{"href":"https:\/\/www.tv2000.it\/tg2000\/wp-json\/wp\/v2\/media?parent=80744"}],"wp:term":[{"taxonomy":"post_tag","embeddable":true,"href":"https:\/\/www.tv2000.it\/tg2000\/wp-json\/wp\/v2\/tags?post=80744"}],"curies":[{"name":"wp","href":"https:\/\/api.w.org\/{rel}","templated":true}]}}

Covid e bambini, la preoccupazione dell&#8217;ospedale Bambino Gesù

<p>Un focus su una fascia d&#8217;età che sembra più esposta a questa nuova ondata del virus, quella dei bambini. I minori di 12 anni non sono ancora vaccinati &#8211; nè al momento vaccinabili &#8211; e di conseguenza aumentano i ricoveri. Servizi di Barbara Masulli</p>
