{"id":80865,"date":"2021-11-19T14:59:34","date_gmt":"2021-11-19T13:59:34","guid":{"rendered":"http:\/\/www.tv2000.it\/tg2000\/?post_type=video&#038;p=80865"},"modified":"2021-11-19T14:59:50","modified_gmt":"2021-11-19T13:59:50","slug":"covid-italia-circondata-dal-virus-il-caso-gorizia","status":"publish","type":"video","link":"https:\/\/www.tv2000.it\/tg2000\/video\/covid-italia-circondata-dal-virus-il-caso-gorizia\/","title":{"rendered":"Covid, Italia circondata dal virus. Il caso Gorizia"},"content":{"rendered":"<p>L&#8217;Italia \u00e8 praticamente circondata da zone ad altissimo contagio. A Gorizia, citt\u00e0 al confine con la Slovenia, teme l&#8217;impennata di casi e chiede pi\u00f9 controlli alla frontiera. Il servizio di Vito D&#8217;Ettorre<\/p>\n","protected":false},"featured_media":80866,"comment_status":"closed","ping_status":"closed","template":"","tags":[2000],"class_list":["post-80865","video","type-video","status-publish","has-post-thumbnail","hentry","tag-coronavirus","video_category-attualita","video_category-news"],"acf":[],"aioseo_notices":[],"url_youtube":"o7IpbwYyQlA","featured_image_url":"https:\/\/i.ytimg.com\/vi\/o7IpbwYyQlA\/mqdefault.jpg","_links":{"self":[{"href":"https:\/\/www.tv2000.it\/tg2000\/wp-json\/wp\/v2\/video\/80865","targetHints":{"allow":["GET"]}}],"collection":[{"href":"https:\/\/www.tv2000.it\/tg2000\/wp-json\/wp\/v2\/video"}],"about":[{"href":"https:\/\/www.tv2000.it\/tg2000\/wp-json\/wp\/v2\/types\/video"}],"replies":[{"embeddable":true,"href":"https:\/\/www.tv2000.it\/tg2000\/wp-json\/wp\/v2\/comments?post=80865"}],"wp:featuredmedia":[{"embeddable":true,"href":"https:\/\/www.tv2000.it\/tg2000\/wp-json\/wp\/v2\/media\/80866"}],"wp:attachment":[{"href":"https:\/\/www.tv2000.it\/tg2000\/wp-json\/wp\/v2\/media?parent=80865"}],"wp:term":[{"taxonomy":"post_tag","embeddable":true,"href":"https:\/\/www.tv2000.it\/tg2000\/wp-json\/wp\/v2\/tags?post=80865"}],"curies":[{"name":"wp","href":"https:\/\/api.w.org\/{rel}","templated":true}]}}

<p>L&#8217;Italia è praticamente circondata da zone ad altissimo contagio. A Gorizia, città al confine con la Slovenia, teme l&#8217;impennata di casi e chiede più controlli alla frontiera. Il servizio di Vito D&#8217;Ettorre</p>
