{"id":80889,"date":"2021-11-19T20:06:22","date_gmt":"2021-11-19T19:06:22","guid":{"rendered":"http:\/\/www.tv2000.it\/tg2000\/?post_type=video&#038;p=80889"},"modified":"2021-11-19T20:06:42","modified_gmt":"2021-11-19T19:06:42","slug":"covid-lockdown-in-austria-durera-20-giorni-germania-non-esclude-chiusura","status":"publish","type":"video","link":"https:\/\/www.tv2000.it\/tg2000\/video\/covid-lockdown-in-austria-durera-20-giorni-germania-non-esclude-chiusura\/","title":{"rendered":"Covid, lockdown in Austria durer\u00e0 20 giorni. Germania non esclude chiusura"},"content":{"rendered":"<p>Lockdown generale da luned\u00ec in Austria. Durer\u00e0 20 giorni e poi proseguir\u00e0 per i non vaccinati. Lo ha annunciato il governo. E dal primo febbraio scatter\u00e0 l&#8217;obbligo vaccinale. Servizio di Francesco Durante.<\/p>\n","protected":false},"featured_media":80890,"comment_status":"closed","ping_status":"closed","template":"","tags":[2000],"class_list":["post-80889","video","type-video","status-publish","has-post-thumbnail","hentry","tag-coronavirus","video_category-attualita","video_category-news"],"acf":[],"aioseo_notices":[],"url_youtube":"-YbLAetHZoc","featured_image_url":"https:\/\/i.ytimg.com\/vi\/-YbLAetHZoc\/mqdefault.jpg","_links":{"self":[{"href":"https:\/\/www.tv2000.it\/tg2000\/wp-json\/wp\/v2\/video\/80889","targetHints":{"allow":["GET"]}}],"collection":[{"href":"https:\/\/www.tv2000.it\/tg2000\/wp-json\/wp\/v2\/video"}],"about":[{"href":"https:\/\/www.tv2000.it\/tg2000\/wp-json\/wp\/v2\/types\/video"}],"replies":[{"embeddable":true,"href":"https:\/\/www.tv2000.it\/tg2000\/wp-json\/wp\/v2\/comments?post=80889"}],"wp:featuredmedia":[{"embeddable":true,"href":"https:\/\/www.tv2000.it\/tg2000\/wp-json\/wp\/v2\/media\/80890"}],"wp:attachment":[{"href":"https:\/\/www.tv2000.it\/tg2000\/wp-json\/wp\/v2\/media?parent=80889"}],"wp:term":[{"taxonomy":"post_tag","embeddable":true,"href":"https:\/\/www.tv2000.it\/tg2000\/wp-json\/wp\/v2\/tags?post=80889"}],"curies":[{"name":"wp","href":"https:\/\/api.w.org\/{rel}","templated":true}]}}

Covid, lockdown in Austria durerà 20 giorni. Germania non esclude chiusura

<p>Lockdown generale da lunedì in Austria. Durerà 20 giorni e poi proseguirà per i non vaccinati. Lo ha annunciato il governo. E dal primo febbraio scatterà l&#8217;obbligo vaccinale. Servizio di Francesco Durante.</p>
