{"id":80900,"date":"2021-11-19T20:12:29","date_gmt":"2021-11-19T19:12:29","guid":{"rendered":"http:\/\/www.tv2000.it\/tg2000\/?post_type=video&#038;p=80900"},"modified":"2021-11-19T20:12:38","modified_gmt":"2021-11-19T19:12:38","slug":"export-coldiretti-allarme-alimentare-48-mln-a-rischio-poverta","status":"publish","type":"video","link":"https:\/\/www.tv2000.it\/tg2000\/video\/export-coldiretti-allarme-alimentare-48-mln-a-rischio-poverta\/","title":{"rendered":"Export, Coldiretti: allarme alimentare. 4,8 mln a rischio povert\u00e0"},"content":{"rendered":"<p>L&#8217;agroalimentare in difficolt\u00e0 con le nuove normative comunitarie e la povert\u00e0 alimentare che avanza, causa pandemia: 4,8 milioni d&#8217;italiani a rischio, denuncia Coldiretti Servizio di Letizia Davoli<\/p>\n","protected":false},"featured_media":80901,"comment_status":"closed","ping_status":"closed","template":"","tags":[],"class_list":["post-80900","video","type-video","status-publish","has-post-thumbnail","hentry","video_category-news"],"acf":[],"aioseo_notices":[],"url_youtube":"mPjcXjqtC_s","featured_image_url":"https:\/\/i.ytimg.com\/vi\/mPjcXjqtC_s\/mqdefault.jpg","_links":{"self":[{"href":"https:\/\/www.tv2000.it\/tg2000\/wp-json\/wp\/v2\/video\/80900","targetHints":{"allow":["GET"]}}],"collection":[{"href":"https:\/\/www.tv2000.it\/tg2000\/wp-json\/wp\/v2\/video"}],"about":[{"href":"https:\/\/www.tv2000.it\/tg2000\/wp-json\/wp\/v2\/types\/video"}],"replies":[{"embeddable":true,"href":"https:\/\/www.tv2000.it\/tg2000\/wp-json\/wp\/v2\/comments?post=80900"}],"wp:featuredmedia":[{"embeddable":true,"href":"https:\/\/www.tv2000.it\/tg2000\/wp-json\/wp\/v2\/media\/80901"}],"wp:attachment":[{"href":"https:\/\/www.tv2000.it\/tg2000\/wp-json\/wp\/v2\/media?parent=80900"}],"wp:term":[{"taxonomy":"post_tag","embeddable":true,"href":"https:\/\/www.tv2000.it\/tg2000\/wp-json\/wp\/v2\/tags?post=80900"}],"curies":[{"name":"wp","href":"https:\/\/api.w.org\/{rel}","templated":true}]}}

Export, Coldiretti: allarme alimentare. 4,8 mln a rischio povertà

<p>L&#8217;agroalimentare in difficoltà con le nuove normative comunitarie e la povertà alimentare che avanza, causa pandemia: 4,8 milioni d&#8217;italiani a rischio, denuncia Coldiretti Servizio di Letizia Davoli</p>
