{"id":81058,"date":"2021-11-24T19:52:53","date_gmt":"2021-11-24T18:52:53","guid":{"rendered":"http:\/\/www.tv2000.it\/tg2000\/?post_type=video&#038;p=81058"},"modified":"2021-11-24T19:53:10","modified_gmt":"2021-11-24T18:53:10","slug":"vaccini-ai-bambini-ok-in-israele-in-italia-possibile-via-libera-da-lunedi","status":"publish","type":"video","link":"https:\/\/www.tv2000.it\/tg2000\/video\/vaccini-ai-bambini-ok-in-israele-in-italia-possibile-via-libera-da-lunedi\/","title":{"rendered":"Vaccini ai bambini, ok in Israele. In Italia possibile via libera da luned\u00ec"},"content":{"rendered":"<p>Uno dei temi pi\u00f9 pressanti \u00e8 quello riguardante la vaccinazione dei bambini sotto i 12 anni. Si attende a ore il pronunciamento dell&#8217;Ema, poi arriver\u00e0 il parere dell&#8217;Aifa, forse entro luned\u00ec prossimo. Da dicembre poi potranno cominciare le somministrazioni.<br \/>\nServizio di Fabio Bolzetta <\/p>\n","protected":false},"featured_media":81059,"comment_status":"closed","ping_status":"closed","template":"","tags":[],"class_list":["post-81058","video","type-video","status-publish","has-post-thumbnail","hentry","video_category-news"],"acf":[],"aioseo_notices":[],"url_youtube":"UKuNWvWXbm8","featured_image_url":"https:\/\/i.ytimg.com\/vi\/UKuNWvWXbm8\/mqdefault.jpg","_links":{"self":[{"href":"https:\/\/www.tv2000.it\/tg2000\/wp-json\/wp\/v2\/video\/81058","targetHints":{"allow":["GET"]}}],"collection":[{"href":"https:\/\/www.tv2000.it\/tg2000\/wp-json\/wp\/v2\/video"}],"about":[{"href":"https:\/\/www.tv2000.it\/tg2000\/wp-json\/wp\/v2\/types\/video"}],"replies":[{"embeddable":true,"href":"https:\/\/www.tv2000.it\/tg2000\/wp-json\/wp\/v2\/comments?post=81058"}],"wp:featuredmedia":[{"embeddable":true,"href":"https:\/\/www.tv2000.it\/tg2000\/wp-json\/wp\/v2\/media\/81059"}],"wp:attachment":[{"href":"https:\/\/www.tv2000.it\/tg2000\/wp-json\/wp\/v2\/media?parent=81058"}],"wp:term":[{"taxonomy":"post_tag","embeddable":true,"href":"https:\/\/www.tv2000.it\/tg2000\/wp-json\/wp\/v2\/tags?post=81058"}],"curies":[{"name":"wp","href":"https:\/\/api.w.org\/{rel}","templated":true}]}}

Vaccini ai bambini, ok in Israele. In Italia possibile via libera da lunedì

<p>Uno dei temi più pressanti è quello riguardante la vaccinazione dei bambini sotto i 12 anni. Si attende a ore il pronunciamento dell&#8217;Ema, poi arriverà il parere dell&#8217;Aifa, forse entro lunedì prossimo. Da dicembre poi potranno cominciare le somministrazioni.<br />
Servizio di Fabio Bolzetta </p>
