{"id":81255,"date":"2021-11-29T12:53:14","date_gmt":"2021-11-29T11:53:14","guid":{"rendered":"http:\/\/www.tv2000.it\/tg2000\/?post_type=video&#038;p=81255"},"modified":"2021-11-29T12:53:14","modified_gmt":"2021-11-29T11:53:14","slug":"stati-generali-lingua-e-creativita-italiane-nel-mondo-mattarella-pilastro-nostro-identita","status":"publish","type":"video","link":"https:\/\/www.tv2000.it\/tg2000\/video\/stati-generali-lingua-e-creativita-italiane-nel-mondo-mattarella-pilastro-nostro-identita\/","title":{"rendered":"Stati generali lingua e creativit\u00e0 italiane nel mondo. Mattarella: pilastro nostro identit\u00e0"},"content":{"rendered":"<p>Gli stati generali della lingua e della creativit\u00e0 italiane nel mondo a cui ha partecipato stamani anche il presidente della Repubblica. La lingua italiana, ha detto Mattarella, \u00e8 il pilastro della nostra identit\u00e0 in un mondo globalizzato. Il servizio di Luigi Ferraiuolo.<\/p>\n","protected":false},"featured_media":81256,"comment_status":"closed","ping_status":"closed","template":"","tags":[],"class_list":["post-81255","video","type-video","status-publish","has-post-thumbnail","hentry","video_category-cultura","video_category-news"],"acf":[],"aioseo_notices":[],"url_youtube":"UVFPw4bibbg","featured_image_url":"https:\/\/i.ytimg.com\/vi\/UVFPw4bibbg\/mqdefault.jpg","_links":{"self":[{"href":"https:\/\/www.tv2000.it\/tg2000\/wp-json\/wp\/v2\/video\/81255","targetHints":{"allow":["GET"]}}],"collection":[{"href":"https:\/\/www.tv2000.it\/tg2000\/wp-json\/wp\/v2\/video"}],"about":[{"href":"https:\/\/www.tv2000.it\/tg2000\/wp-json\/wp\/v2\/types\/video"}],"replies":[{"embeddable":true,"href":"https:\/\/www.tv2000.it\/tg2000\/wp-json\/wp\/v2\/comments?post=81255"}],"wp:featuredmedia":[{"embeddable":true,"href":"https:\/\/www.tv2000.it\/tg2000\/wp-json\/wp\/v2\/media\/81256"}],"wp:attachment":[{"href":"https:\/\/www.tv2000.it\/tg2000\/wp-json\/wp\/v2\/media?parent=81255"}],"wp:term":[{"taxonomy":"post_tag","embeddable":true,"href":"https:\/\/www.tv2000.it\/tg2000\/wp-json\/wp\/v2\/tags?post=81255"}],"curies":[{"name":"wp","href":"https:\/\/api.w.org\/{rel}","templated":true}]}}

Stati generali lingua e creatività italiane nel mondo. Mattarella: pilastro nostro identità

<p>Gli stati generali della lingua e della creatività italiane nel mondo a cui ha partecipato stamani anche il presidente della Repubblica. La lingua italiana, ha detto Mattarella, è il pilastro della nostra identità in un mondo globalizzato. Il servizio di Luigi Ferraiuolo.</p>
