{"id":81322,"date":"2021-11-30T19:46:59","date_gmt":"2021-11-30T18:46:59","guid":{"rendered":"http:\/\/www.tv2000.it\/tg2000\/?post_type=video&#038;p=81322"},"modified":"2021-11-30T19:47:08","modified_gmt":"2021-11-30T18:47:08","slug":"natale-censurato-commissione-europea-ritira-linee-guida","status":"publish","type":"video","link":"https:\/\/www.tv2000.it\/tg2000\/video\/natale-censurato-commissione-europea-ritira-linee-guida\/","title":{"rendered":"Natale censurato, Commissione europea ritira linee guida"},"content":{"rendered":"<p>La decisione della Commissione europea di ritirare le linee guida per la comunicazione interna dopo le polemiche scatenatesi sul documento. Tra i punti pi\u00f9 contestati, il suggerimento di non citare pi\u00f9 il nome di festivit\u00e0 religiose, come il Natale. Servizio di Cesare Cavoni.<\/p>\n","protected":false},"featured_media":81323,"comment_status":"closed","ping_status":"closed","template":"","tags":[],"class_list":["post-81322","video","type-video","status-publish","has-post-thumbnail","hentry","video_category-news"],"acf":[],"aioseo_notices":[],"url_youtube":"ZxM8-J6tTJY","featured_image_url":"https:\/\/i.ytimg.com\/vi\/ZxM8-J6tTJY\/mqdefault.jpg","_links":{"self":[{"href":"https:\/\/www.tv2000.it\/tg2000\/wp-json\/wp\/v2\/video\/81322","targetHints":{"allow":["GET"]}}],"collection":[{"href":"https:\/\/www.tv2000.it\/tg2000\/wp-json\/wp\/v2\/video"}],"about":[{"href":"https:\/\/www.tv2000.it\/tg2000\/wp-json\/wp\/v2\/types\/video"}],"replies":[{"embeddable":true,"href":"https:\/\/www.tv2000.it\/tg2000\/wp-json\/wp\/v2\/comments?post=81322"}],"wp:featuredmedia":[{"embeddable":true,"href":"https:\/\/www.tv2000.it\/tg2000\/wp-json\/wp\/v2\/media\/81323"}],"wp:attachment":[{"href":"https:\/\/www.tv2000.it\/tg2000\/wp-json\/wp\/v2\/media?parent=81322"}],"wp:term":[{"taxonomy":"post_tag","embeddable":true,"href":"https:\/\/www.tv2000.it\/tg2000\/wp-json\/wp\/v2\/tags?post=81322"}],"curies":[{"name":"wp","href":"https:\/\/api.w.org\/{rel}","templated":true}]}}

<p>La decisione della Commissione europea di ritirare le linee guida per la comunicazione interna dopo le polemiche scatenatesi sul documento. Tra i punti più contestati, il suggerimento di non citare più il nome di festività religiose, come il Natale. Servizio di Cesare Cavoni.</p>
