{"id":81470,"date":"2021-12-03T13:48:53","date_gmt":"2021-12-03T12:48:53","guid":{"rendered":"http:\/\/www.tv2000.it\/tg2000\/?post_type=video&#038;p=81470"},"modified":"2021-12-03T13:49:13","modified_gmt":"2021-12-03T12:49:13","slug":"giornata-internazionale-delle-persone-con-disabilita-il-commento-del-ministro-stefani","status":"publish","type":"video","link":"https:\/\/www.tv2000.it\/tg2000\/video\/giornata-internazionale-delle-persone-con-disabilita-il-commento-del-ministro-stefani\/","title":{"rendered":"Giornata internazionale delle persone con disabilit\u00e0. Il commento del ministro Stefani"},"content":{"rendered":"<p>Il commento del Ministro per le disabilit\u00e0 EriKa Stefani in occasione della Giornata internazionale delle persone con disabilit\u00e0<\/p>\n","protected":false},"featured_media":81471,"comment_status":"closed","ping_status":"closed","template":"","tags":[],"class_list":["post-81470","video","type-video","status-publish","has-post-thumbnail","hentry","video_category-news"],"acf":[],"aioseo_notices":[],"url_youtube":"AOpHJqlGaf4","featured_image_url":"https:\/\/i.ytimg.com\/vi\/AOpHJqlGaf4\/mqdefault.jpg","_links":{"self":[{"href":"https:\/\/www.tv2000.it\/tg2000\/wp-json\/wp\/v2\/video\/81470","targetHints":{"allow":["GET"]}}],"collection":[{"href":"https:\/\/www.tv2000.it\/tg2000\/wp-json\/wp\/v2\/video"}],"about":[{"href":"https:\/\/www.tv2000.it\/tg2000\/wp-json\/wp\/v2\/types\/video"}],"replies":[{"embeddable":true,"href":"https:\/\/www.tv2000.it\/tg2000\/wp-json\/wp\/v2\/comments?post=81470"}],"wp:featuredmedia":[{"embeddable":true,"href":"https:\/\/www.tv2000.it\/tg2000\/wp-json\/wp\/v2\/media\/81471"}],"wp:attachment":[{"href":"https:\/\/www.tv2000.it\/tg2000\/wp-json\/wp\/v2\/media?parent=81470"}],"wp:term":[{"taxonomy":"post_tag","embeddable":true,"href":"https:\/\/www.tv2000.it\/tg2000\/wp-json\/wp\/v2\/tags?post=81470"}],"curies":[{"name":"wp","href":"https:\/\/api.w.org\/{rel}","templated":true}]}}

Giornata internazionale delle persone con disabilità. Il commento del ministro Stefani

<p>Il commento del Ministro per le disabilità EriKa Stefani in occasione della Giornata internazionale delle persone con disabilità</p>
