{"id":81474,"date":"2021-12-03T13:51:47","date_gmt":"2021-12-03T12:51:47","guid":{"rendered":"http:\/\/www.tv2000.it\/tg2000\/?post_type=video&#038;p=81474"},"modified":"2021-12-03T13:52:00","modified_gmt":"2021-12-03T12:52:00","slug":"censis-italiani-sempre-piu-poveri-per-3-mln-il-covid-non-esiste","status":"publish","type":"video","link":"https:\/\/www.tv2000.it\/tg2000\/video\/censis-italiani-sempre-piu-poveri-per-3-mln-il-covid-non-esiste\/","title":{"rendered":"Censis: italiani sempre pi\u00f9 poveri. Per 3 mln il covid non esiste"},"content":{"rendered":"<p>Italiani sempre pi\u00f9 poveri. Il Censis scatta la fotografia del paese. Il covid ha accentuato i divari, 2 milioni di famiglie in povert\u00e0 assoluta. La pandemia ha reso gli italiani irrazionali: 3 milioni sono convinti che il covid non esiste. Servizio di Leonardo Possati.<\/p>\n","protected":false},"featured_media":81475,"comment_status":"closed","ping_status":"closed","template":"","tags":[],"class_list":["post-81474","video","type-video","status-publish","has-post-thumbnail","hentry","video_category-news"],"acf":[],"aioseo_notices":[],"url_youtube":"LV0N0DA8gnk","featured_image_url":"https:\/\/i.ytimg.com\/vi\/LV0N0DA8gnk\/mqdefault.jpg","_links":{"self":[{"href":"https:\/\/www.tv2000.it\/tg2000\/wp-json\/wp\/v2\/video\/81474","targetHints":{"allow":["GET"]}}],"collection":[{"href":"https:\/\/www.tv2000.it\/tg2000\/wp-json\/wp\/v2\/video"}],"about":[{"href":"https:\/\/www.tv2000.it\/tg2000\/wp-json\/wp\/v2\/types\/video"}],"replies":[{"embeddable":true,"href":"https:\/\/www.tv2000.it\/tg2000\/wp-json\/wp\/v2\/comments?post=81474"}],"wp:featuredmedia":[{"embeddable":true,"href":"https:\/\/www.tv2000.it\/tg2000\/wp-json\/wp\/v2\/media\/81475"}],"wp:attachment":[{"href":"https:\/\/www.tv2000.it\/tg2000\/wp-json\/wp\/v2\/media?parent=81474"}],"wp:term":[{"taxonomy":"post_tag","embeddable":true,"href":"https:\/\/www.tv2000.it\/tg2000\/wp-json\/wp\/v2\/tags?post=81474"}],"curies":[{"name":"wp","href":"https:\/\/api.w.org\/{rel}","templated":true}]}}

Censis: italiani sempre più poveri. Per 3 mln il covid non esiste

<p>Italiani sempre più poveri. Il Censis scatta la fotografia del paese. Il covid ha accentuato i divari, 2 milioni di famiglie in povertà assoluta. La pandemia ha reso gli italiani irrazionali: 3 milioni sono convinti che il covid non esiste. Servizio di Leonardo Possati.</p>
