{"id":81613,"date":"2021-12-07T20:00:17","date_gmt":"2021-12-07T19:00:17","guid":{"rendered":"http:\/\/www.tv2000.it\/tg2000\/?post_type=video&#038;p=81613"},"modified":"2021-12-07T20:00:33","modified_gmt":"2021-12-07T19:00:33","slug":"brusaferro-la-pandemia-e-in-espansione-veneto-possibile-zona-gialla","status":"publish","type":"video","link":"https:\/\/www.tv2000.it\/tg2000\/video\/brusaferro-la-pandemia-e-in-espansione-veneto-possibile-zona-gialla\/","title":{"rendered":"Brusaferro: &#8220;La pandemia \u00e8 in espansione&#8221;. Veneto possibile zona gialla"},"content":{"rendered":"<p>&#8220;La pandemia \u00e8 in espansione&#8221;. A indicarlo \u00e8 il presidente dell&#8217;Istituto Superiore di Sanit\u00e0 Brusaferro, in audizione stamani al Senato. Sono 11 i casi di variante Omicron isolati in Italia. Servizio di Nicola Ferrante<\/p>\n","protected":false},"featured_media":81614,"comment_status":"closed","ping_status":"closed","template":"","tags":[],"class_list":["post-81613","video","type-video","status-publish","has-post-thumbnail","hentry","video_category-news"],"acf":[],"aioseo_notices":[],"url_youtube":"SR5c1OlvQ0U","featured_image_url":"https:\/\/i.ytimg.com\/vi\/SR5c1OlvQ0U\/mqdefault.jpg","_links":{"self":[{"href":"https:\/\/www.tv2000.it\/tg2000\/wp-json\/wp\/v2\/video\/81613","targetHints":{"allow":["GET"]}}],"collection":[{"href":"https:\/\/www.tv2000.it\/tg2000\/wp-json\/wp\/v2\/video"}],"about":[{"href":"https:\/\/www.tv2000.it\/tg2000\/wp-json\/wp\/v2\/types\/video"}],"replies":[{"embeddable":true,"href":"https:\/\/www.tv2000.it\/tg2000\/wp-json\/wp\/v2\/comments?post=81613"}],"wp:featuredmedia":[{"embeddable":true,"href":"https:\/\/www.tv2000.it\/tg2000\/wp-json\/wp\/v2\/media\/81614"}],"wp:attachment":[{"href":"https:\/\/www.tv2000.it\/tg2000\/wp-json\/wp\/v2\/media?parent=81613"}],"wp:term":[{"taxonomy":"post_tag","embeddable":true,"href":"https:\/\/www.tv2000.it\/tg2000\/wp-json\/wp\/v2\/tags?post=81613"}],"curies":[{"name":"wp","href":"https:\/\/api.w.org\/{rel}","templated":true}]}}

Brusaferro: &#8220;La pandemia è in espansione&#8221;. Veneto possibile zona gialla

<p>&#8220;La pandemia è in espansione&#8221;. A indicarlo è il presidente dell&#8217;Istituto Superiore di Sanità Brusaferro, in audizione stamani al Senato. Sono 11 i casi di variante Omicron isolati in Italia. Servizio di Nicola Ferrante</p>
