{"id":81640,"date":"2021-12-08T19:52:44","date_gmt":"2021-12-08T18:52:44","guid":{"rendered":"http:\/\/www.tv2000.it\/tg2000\/?post_type=video&#038;p=81640"},"modified":"2021-12-08T19:52:44","modified_gmt":"2021-12-08T18:52:44","slug":"germania-scholz-ha-giurato-e-cancelliere-lungo-applauso-alla-merkel","status":"publish","type":"video","link":"https:\/\/www.tv2000.it\/tg2000\/video\/germania-scholz-ha-giurato-e-cancelliere-lungo-applauso-alla-merkel\/","title":{"rendered":"Germania: Scholz ha giurato, \u00e8 Cancelliere. Lungo applauso alla Merkel"},"content":{"rendered":"<p>Portare la Germania fuori dalla pandemia sar\u00e0 la prima sfida che attende Olaf Scholz, che da oggi \u00e8 il nuovo Cancelliere tedesco. Un lungo applauso per Angela Merkel, che ha lasciato dopo 16 anni. Servizio di Massimiliano Cochi<\/p>\n","protected":false},"featured_media":81641,"comment_status":"closed","ping_status":"closed","template":"","tags":[],"class_list":["post-81640","video","type-video","status-publish","has-post-thumbnail","hentry","video_category-esteri","video_category-news"],"acf":[],"aioseo_notices":[],"url_youtube":"pPfs-y4dLtQ","featured_image_url":"https:\/\/i.ytimg.com\/vi\/pPfs-y4dLtQ\/mqdefault.jpg","_links":{"self":[{"href":"https:\/\/www.tv2000.it\/tg2000\/wp-json\/wp\/v2\/video\/81640","targetHints":{"allow":["GET"]}}],"collection":[{"href":"https:\/\/www.tv2000.it\/tg2000\/wp-json\/wp\/v2\/video"}],"about":[{"href":"https:\/\/www.tv2000.it\/tg2000\/wp-json\/wp\/v2\/types\/video"}],"replies":[{"embeddable":true,"href":"https:\/\/www.tv2000.it\/tg2000\/wp-json\/wp\/v2\/comments?post=81640"}],"wp:featuredmedia":[{"embeddable":true,"href":"https:\/\/www.tv2000.it\/tg2000\/wp-json\/wp\/v2\/media\/81641"}],"wp:attachment":[{"href":"https:\/\/www.tv2000.it\/tg2000\/wp-json\/wp\/v2\/media?parent=81640"}],"wp:term":[{"taxonomy":"post_tag","embeddable":true,"href":"https:\/\/www.tv2000.it\/tg2000\/wp-json\/wp\/v2\/tags?post=81640"}],"curies":[{"name":"wp","href":"https:\/\/api.w.org\/{rel}","templated":true}]}}

Germania: Scholz ha giurato, è Cancelliere. Lungo applauso alla Merkel

<p>Portare la Germania fuori dalla pandemia sarà la prima sfida che attende Olaf Scholz, che da oggi è il nuovo Cancelliere tedesco. Un lungo applauso per Angela Merkel, che ha lasciato dopo 16 anni. Servizio di Massimiliano Cochi</p>
