{"id":81731,"date":"2021-12-10T13:55:05","date_gmt":"2021-12-10T12:55:05","guid":{"rendered":"http:\/\/www.tv2000.it\/tg2000\/?post_type=video&#038;p=81731"},"modified":"2021-12-10T13:55:05","modified_gmt":"2021-12-10T12:55:05","slug":"diritti-umani-mattarella-societa-piu-inclusive","status":"publish","type":"video","link":"https:\/\/www.tv2000.it\/tg2000\/video\/diritti-umani-mattarella-societa-piu-inclusive\/","title":{"rendered":"Diritti umani, Mattarella: \u201cSociet\u00e0 pi\u00f9 inclusive\u201d"},"content":{"rendered":"<p>Una societ\u00e0 pi\u00f9 inclusiva che riduca le disuguaglianze esplose con la pandemia. \u00c8 quanto chiede il presidente Mattarella in occasione della Giornata mondiale dei diritti umani. Il servizio di Alessandra Camarca.<\/p>\n","protected":false},"featured_media":81732,"comment_status":"closed","ping_status":"closed","template":"","tags":[],"class_list":["post-81731","video","type-video","status-publish","has-post-thumbnail","hentry","video_category-news","video_category-societa"],"acf":[],"aioseo_notices":[],"url_youtube":"USXUV950MAs","featured_image_url":"https:\/\/i.ytimg.com\/vi\/USXUV950MAs\/mqdefault.jpg","_links":{"self":[{"href":"https:\/\/www.tv2000.it\/tg2000\/wp-json\/wp\/v2\/video\/81731","targetHints":{"allow":["GET"]}}],"collection":[{"href":"https:\/\/www.tv2000.it\/tg2000\/wp-json\/wp\/v2\/video"}],"about":[{"href":"https:\/\/www.tv2000.it\/tg2000\/wp-json\/wp\/v2\/types\/video"}],"replies":[{"embeddable":true,"href":"https:\/\/www.tv2000.it\/tg2000\/wp-json\/wp\/v2\/comments?post=81731"}],"wp:featuredmedia":[{"embeddable":true,"href":"https:\/\/www.tv2000.it\/tg2000\/wp-json\/wp\/v2\/media\/81732"}],"wp:attachment":[{"href":"https:\/\/www.tv2000.it\/tg2000\/wp-json\/wp\/v2\/media?parent=81731"}],"wp:term":[{"taxonomy":"post_tag","embeddable":true,"href":"https:\/\/www.tv2000.it\/tg2000\/wp-json\/wp\/v2\/tags?post=81731"}],"curies":[{"name":"wp","href":"https:\/\/api.w.org\/{rel}","templated":true}]}}

Diritti umani, Mattarella: “Società più inclusive”

<p>Una società più inclusiva che riduca le disuguaglianze esplose con la pandemia. È quanto chiede il presidente Mattarella in occasione della Giornata mondiale dei diritti umani. Il servizio di Alessandra Camarca.</p>
