{"id":82186,"date":"2021-12-21T20:05:27","date_gmt":"2021-12-21T19:05:27","guid":{"rendered":"http:\/\/www.tv2000.it\/tg2000\/?post_type=video&#038;p=82186"},"modified":"2021-12-21T20:05:38","modified_gmt":"2021-12-21T19:05:38","slug":"covid-quarta-ondata-dilaga-alto-adige-tra-i-piu-colpiti","status":"publish","type":"video","link":"https:\/\/www.tv2000.it\/tg2000\/video\/covid-quarta-ondata-dilaga-alto-adige-tra-i-piu-colpiti\/","title":{"rendered":"Covid, quarta ondata dilaga. Alto Adige tra i pi\u00f9 colpiti"},"content":{"rendered":"<p>La quarta ondata del virus si diffonde rapidamente. Una delle aree pi\u00f9 colpite \u00e8 l&#8217;Alto Adige. Servizio di Fabio Bolzetta.<\/p>\n","protected":false},"featured_media":82187,"comment_status":"closed","ping_status":"closed","template":"","tags":[2000],"class_list":["post-82186","video","type-video","status-publish","has-post-thumbnail","hentry","tag-coronavirus","video_category-attualita","video_category-news"],"acf":[],"aioseo_notices":[],"url_youtube":"BM1sOsu34Og","featured_image_url":"https:\/\/i.ytimg.com\/vi\/BM1sOsu34Og\/mqdefault.jpg","_links":{"self":[{"href":"https:\/\/www.tv2000.it\/tg2000\/wp-json\/wp\/v2\/video\/82186","targetHints":{"allow":["GET"]}}],"collection":[{"href":"https:\/\/www.tv2000.it\/tg2000\/wp-json\/wp\/v2\/video"}],"about":[{"href":"https:\/\/www.tv2000.it\/tg2000\/wp-json\/wp\/v2\/types\/video"}],"replies":[{"embeddable":true,"href":"https:\/\/www.tv2000.it\/tg2000\/wp-json\/wp\/v2\/comments?post=82186"}],"wp:featuredmedia":[{"embeddable":true,"href":"https:\/\/www.tv2000.it\/tg2000\/wp-json\/wp\/v2\/media\/82187"}],"wp:attachment":[{"href":"https:\/\/www.tv2000.it\/tg2000\/wp-json\/wp\/v2\/media?parent=82186"}],"wp:term":[{"taxonomy":"post_tag","embeddable":true,"href":"https:\/\/www.tv2000.it\/tg2000\/wp-json\/wp\/v2\/tags?post=82186"}],"curies":[{"name":"wp","href":"https:\/\/api.w.org\/{rel}","templated":true}]}}

Covid, quarta ondata dilaga. Alto Adige tra i più colpiti

<p>La quarta ondata del virus si diffonde rapidamente. Una delle aree più colpite è l&#8217;Alto Adige. Servizio di Fabio Bolzetta.</p>
