{"id":82302,"date":"2021-12-24T13:41:36","date_gmt":"2021-12-24T12:41:36","guid":{"rendered":"http:\/\/www.tv2000.it\/tg2000\/?post_type=video&#038;p=82302"},"modified":"2021-12-24T13:42:41","modified_gmt":"2021-12-24T12:42:41","slug":"natale-betlemme-la-citta-del-pane-dove-e-nato-gesu","status":"publish","type":"video","link":"https:\/\/www.tv2000.it\/tg2000\/video\/natale-betlemme-la-citta-del-pane-dove-e-nato-gesu\/","title":{"rendered":"Natale, Betlemme la citt\u00e0 del pane dove \u00e8 nato Ges\u00f9"},"content":{"rendered":"<p>Vigilia di natale a Betlemme, anche quest\u2019 anno senza pellegrini. Nella chiesa di Santa Caterina il patriarca latino celebrer\u00e0 stanotte la messa di Natale. Servizio di Alessandra Buzzetti.<\/p>\n","protected":false},"featured_media":82307,"comment_status":"closed","ping_status":"closed","template":"","tags":[],"class_list":["post-82302","video","type-video","status-publish","has-post-thumbnail","hentry","video_category-news"],"acf":[],"aioseo_notices":[],"url_youtube":"qOzvoITohZ0","featured_image_url":"https:\/\/i.ytimg.com\/vi\/qOzvoITohZ0\/mqdefault.jpg","_links":{"self":[{"href":"https:\/\/www.tv2000.it\/tg2000\/wp-json\/wp\/v2\/video\/82302","targetHints":{"allow":["GET"]}}],"collection":[{"href":"https:\/\/www.tv2000.it\/tg2000\/wp-json\/wp\/v2\/video"}],"about":[{"href":"https:\/\/www.tv2000.it\/tg2000\/wp-json\/wp\/v2\/types\/video"}],"replies":[{"embeddable":true,"href":"https:\/\/www.tv2000.it\/tg2000\/wp-json\/wp\/v2\/comments?post=82302"}],"wp:featuredmedia":[{"embeddable":true,"href":"https:\/\/www.tv2000.it\/tg2000\/wp-json\/wp\/v2\/media\/82307"}],"wp:attachment":[{"href":"https:\/\/www.tv2000.it\/tg2000\/wp-json\/wp\/v2\/media?parent=82302"}],"wp:term":[{"taxonomy":"post_tag","embeddable":true,"href":"https:\/\/www.tv2000.it\/tg2000\/wp-json\/wp\/v2\/tags?post=82302"}],"curies":[{"name":"wp","href":"https:\/\/api.w.org\/{rel}","templated":true}]}}

Natale, Betlemme la città del pane dove è nato Gesù

<p>Vigilia di natale a Betlemme, anche quest’ anno senza pellegrini. Nella chiesa di Santa Caterina il patriarca latino celebrerà stanotte la messa di Natale. Servizio di Alessandra Buzzetti.</p>
