{"id":82332,"date":"2021-12-24T19:32:27","date_gmt":"2021-12-24T18:32:27","guid":{"rendered":"http:\/\/www.tv2000.it\/tg2000\/?post_type=video&#038;p=82332"},"modified":"2021-12-24T19:32:27","modified_gmt":"2021-12-24T18:32:27","slug":"vigilia-di-natale-a-betlemme","status":"publish","type":"video","link":"https:\/\/www.tv2000.it\/tg2000\/video\/vigilia-di-natale-a-betlemme\/","title":{"rendered":"Vigilia di Natale a Betlemme"},"content":{"rendered":"<p>Vigilia di Natale nella citt\u00e0 dove \u00e8 nato Ges\u00f9. A mezzanotte la messa celebrata dal Patriarca latino. Servizio della corrispondente da Gerusalemme, Alessandra Buzzetti<\/p>\n","protected":false},"featured_media":82333,"comment_status":"closed","ping_status":"closed","template":"","tags":[],"class_list":["post-82332","video","type-video","status-publish","has-post-thumbnail","hentry","video_category-news"],"acf":[],"aioseo_notices":[],"url_youtube":"Piy10kjd6ng","featured_image_url":"https:\/\/i.ytimg.com\/vi\/Piy10kjd6ng\/mqdefault.jpg","_links":{"self":[{"href":"https:\/\/www.tv2000.it\/tg2000\/wp-json\/wp\/v2\/video\/82332","targetHints":{"allow":["GET"]}}],"collection":[{"href":"https:\/\/www.tv2000.it\/tg2000\/wp-json\/wp\/v2\/video"}],"about":[{"href":"https:\/\/www.tv2000.it\/tg2000\/wp-json\/wp\/v2\/types\/video"}],"replies":[{"embeddable":true,"href":"https:\/\/www.tv2000.it\/tg2000\/wp-json\/wp\/v2\/comments?post=82332"}],"wp:featuredmedia":[{"embeddable":true,"href":"https:\/\/www.tv2000.it\/tg2000\/wp-json\/wp\/v2\/media\/82333"}],"wp:attachment":[{"href":"https:\/\/www.tv2000.it\/tg2000\/wp-json\/wp\/v2\/media?parent=82332"}],"wp:term":[{"taxonomy":"post_tag","embeddable":true,"href":"https:\/\/www.tv2000.it\/tg2000\/wp-json\/wp\/v2\/tags?post=82332"}],"curies":[{"name":"wp","href":"https:\/\/api.w.org\/{rel}","templated":true}]}}

<p>Vigilia di Natale nella città dove è nato Gesù. A mezzanotte la messa celebrata dal Patriarca latino. Servizio della corrispondente da Gerusalemme, Alessandra Buzzetti</p>
