{"id":82606,"date":"2022-01-07T19:49:35","date_gmt":"2022-01-07T18:49:35","guid":{"rendered":"http:\/\/www.tv2000.it\/tg2000\/?post_type=video&#038;p=82606"},"modified":"2022-01-07T19:49:59","modified_gmt":"2022-01-07T18:49:59","slug":"covid-mondo-scuola-chiede-la-dad-ministro-bianchi-da-lunedi-si-torna-in-classe","status":"publish","type":"video","link":"https:\/\/www.tv2000.it\/tg2000\/video\/covid-mondo-scuola-chiede-la-dad-ministro-bianchi-da-lunedi-si-torna-in-classe\/","title":{"rendered":"Covid, mondo scuola chiede la Dad. Ministro Bianchi: da luned\u00ec si torna in classe"},"content":{"rendered":"<p>Nessun ripensamento, da luned\u00ec si torna a scuola. \u00c8 la posizione netta del ministro dell&#8217;Istruzione Bianchi. Ma il fronte di chi chiede la didattica a distanza si allarga sempre di pi\u00f9 e comprende presidi, governatori di Regione e medici. Servizio di Luciano Piscaglia.<\/p>\n","protected":false},"featured_media":82607,"comment_status":"closed","ping_status":"closed","template":"","tags":[2000],"class_list":["post-82606","video","type-video","status-publish","has-post-thumbnail","hentry","tag-coronavirus","video_category-attualita","video_category-news"],"acf":[],"aioseo_notices":[],"url_youtube":"hkZhGf_ls1A","featured_image_url":"https:\/\/i.ytimg.com\/vi\/hkZhGf_ls1A\/mqdefault.jpg","_links":{"self":[{"href":"https:\/\/www.tv2000.it\/tg2000\/wp-json\/wp\/v2\/video\/82606","targetHints":{"allow":["GET"]}}],"collection":[{"href":"https:\/\/www.tv2000.it\/tg2000\/wp-json\/wp\/v2\/video"}],"about":[{"href":"https:\/\/www.tv2000.it\/tg2000\/wp-json\/wp\/v2\/types\/video"}],"replies":[{"embeddable":true,"href":"https:\/\/www.tv2000.it\/tg2000\/wp-json\/wp\/v2\/comments?post=82606"}],"wp:featuredmedia":[{"embeddable":true,"href":"https:\/\/www.tv2000.it\/tg2000\/wp-json\/wp\/v2\/media\/82607"}],"wp:attachment":[{"href":"https:\/\/www.tv2000.it\/tg2000\/wp-json\/wp\/v2\/media?parent=82606"}],"wp:term":[{"taxonomy":"post_tag","embeddable":true,"href":"https:\/\/www.tv2000.it\/tg2000\/wp-json\/wp\/v2\/tags?post=82606"}],"curies":[{"name":"wp","href":"https:\/\/api.w.org\/{rel}","templated":true}]}}

Covid, mondo scuola chiede la Dad. Ministro Bianchi: da lunedì si torna in classe

<p>Nessun ripensamento, da lunedì si torna a scuola. È la posizione netta del ministro dell&#8217;Istruzione Bianchi. Ma il fronte di chi chiede la didattica a distanza si allarga sempre di più e comprende presidi, governatori di Regione e medici. Servizio di Luciano Piscaglia.</p>
