{"id":82939,"date":"2022-01-17T11:23:31","date_gmt":"2022-01-17T10:23:31","guid":{"rendered":"http:\/\/www.tv2000.it\/tg2000\/?post_type=video&#038;p=82939"},"modified":"2022-01-17T11:23:31","modified_gmt":"2022-01-17T10:23:31","slug":"chiesa-don-tonino-bello-e-venerabile-puglia-in-festa-per-lettura-decreto","status":"publish","type":"video","link":"https:\/\/www.tv2000.it\/tg2000\/video\/chiesa-don-tonino-bello-e-venerabile-puglia-in-festa-per-lettura-decreto\/","title":{"rendered":"Chiesa, don Tonino Bello \u00e8 venerabile. Puglia in festa per lettura decreto"},"content":{"rendered":"<p>Don Tonino Bello \u00e8 venerabile. Sabato nella cattedrale di Molfetta \u00e8 stata data lettura del decreto approvato a fine novembre da Papa Francesco. Domenica invece la giornata di preghiera. Servizio di Nicola Ferrante<\/p>\n","protected":false},"featured_media":82940,"comment_status":"closed","ping_status":"closed","template":"","tags":[],"class_list":["post-82939","video","type-video","status-publish","has-post-thumbnail","hentry","video_category-news"],"acf":[],"aioseo_notices":[],"url_youtube":"fSEUEYSmgHY","featured_image_url":"https:\/\/i.ytimg.com\/vi\/fSEUEYSmgHY\/mqdefault.jpg","_links":{"self":[{"href":"https:\/\/www.tv2000.it\/tg2000\/wp-json\/wp\/v2\/video\/82939","targetHints":{"allow":["GET"]}}],"collection":[{"href":"https:\/\/www.tv2000.it\/tg2000\/wp-json\/wp\/v2\/video"}],"about":[{"href":"https:\/\/www.tv2000.it\/tg2000\/wp-json\/wp\/v2\/types\/video"}],"replies":[{"embeddable":true,"href":"https:\/\/www.tv2000.it\/tg2000\/wp-json\/wp\/v2\/comments?post=82939"}],"wp:featuredmedia":[{"embeddable":true,"href":"https:\/\/www.tv2000.it\/tg2000\/wp-json\/wp\/v2\/media\/82940"}],"wp:attachment":[{"href":"https:\/\/www.tv2000.it\/tg2000\/wp-json\/wp\/v2\/media?parent=82939"}],"wp:term":[{"taxonomy":"post_tag","embeddable":true,"href":"https:\/\/www.tv2000.it\/tg2000\/wp-json\/wp\/v2\/tags?post=82939"}],"curies":[{"name":"wp","href":"https:\/\/api.w.org\/{rel}","templated":true}]}}

Chiesa, don Tonino Bello è venerabile. Puglia in festa per lettura decreto

<p>Don Tonino Bello è venerabile. Sabato nella cattedrale di Molfetta è stata data lettura del decreto approvato a fine novembre da Papa Francesco. Domenica invece la giornata di preghiera. Servizio di Nicola Ferrante</p>
