{"id":83101,"date":"2022-01-20T12:58:13","date_gmt":"2022-01-20T11:58:13","guid":{"rendered":"http:\/\/www.tv2000.it\/tg2000\/?post_type=video&#038;p=83101"},"modified":"2022-01-20T12:58:13","modified_gmt":"2022-01-20T11:58:13","slug":"il-ricordo-di-luciana-boccardi-scomparsa-una-settimana-fa","status":"publish","type":"video","link":"https:\/\/www.tv2000.it\/tg2000\/video\/il-ricordo-di-luciana-boccardi-scomparsa-una-settimana-fa\/","title":{"rendered":"Il ricordo di Luciana Boccardi, scomparsa una settimana fa"},"content":{"rendered":"<p>La settimana scorsa si \u00e8 spenta anche la giornalista e scrittrice Luciana Boccardi. Per decenni si \u00e8 occupata di moda, molto rispettata e anche temuta. Poi dopo gli 85 anni si \u00e8 scoperta una vena di narratrice e ha pubblicato due romanzi semi autobiografici. Il servizio di Saverio Simonelli.<\/p>\n","protected":false},"featured_media":83102,"comment_status":"closed","ping_status":"closed","template":"","tags":[],"class_list":["post-83101","video","type-video","status-publish","has-post-thumbnail","hentry","video_category-cultura","video_category-news"],"acf":[],"aioseo_notices":[],"url_youtube":"ZVYhaqttlhM","featured_image_url":"https:\/\/i.ytimg.com\/vi\/ZVYhaqttlhM\/mqdefault.jpg","_links":{"self":[{"href":"https:\/\/www.tv2000.it\/tg2000\/wp-json\/wp\/v2\/video\/83101","targetHints":{"allow":["GET"]}}],"collection":[{"href":"https:\/\/www.tv2000.it\/tg2000\/wp-json\/wp\/v2\/video"}],"about":[{"href":"https:\/\/www.tv2000.it\/tg2000\/wp-json\/wp\/v2\/types\/video"}],"replies":[{"embeddable":true,"href":"https:\/\/www.tv2000.it\/tg2000\/wp-json\/wp\/v2\/comments?post=83101"}],"wp:featuredmedia":[{"embeddable":true,"href":"https:\/\/www.tv2000.it\/tg2000\/wp-json\/wp\/v2\/media\/83102"}],"wp:attachment":[{"href":"https:\/\/www.tv2000.it\/tg2000\/wp-json\/wp\/v2\/media?parent=83101"}],"wp:term":[{"taxonomy":"post_tag","embeddable":true,"href":"https:\/\/www.tv2000.it\/tg2000\/wp-json\/wp\/v2\/tags?post=83101"}],"curies":[{"name":"wp","href":"https:\/\/api.w.org\/{rel}","templated":true}]}}

<p>La settimana scorsa si è spenta anche la giornalista e scrittrice Luciana Boccardi. Per decenni si è occupata di moda, molto rispettata e anche temuta. Poi dopo gli 85 anni si è scoperta una vena di narratrice e ha pubblicato due romanzi semi autobiografici. Il servizio di Saverio Simonelli.</p>
