{"id":83159,"date":"2022-01-21T13:00:36","date_gmt":"2022-01-21T12:00:36","guid":{"rendered":"http:\/\/www.tv2000.it\/tg2000\/?post_type=video&#038;p=83159"},"modified":"2022-01-21T13:00:36","modified_gmt":"2022-01-21T12:00:36","slug":"il-giro-del-mondo-in-155-giorni-atterra-la-piu-giovane-aviatrice","status":"publish","type":"video","link":"https:\/\/www.tv2000.it\/tg2000\/video\/il-giro-del-mondo-in-155-giorni-atterra-la-piu-giovane-aviatrice\/","title":{"rendered":"Il giro del mondo in 155 giorni. Atterra la pi\u00f9 giovane aviatrice"},"content":{"rendered":"<p>La pi\u00f9 giovane pilota donna ha completato in Belgio il giro del mondo. Il suo viaggio in solitaria \u00e8 durato 155 giorni. Servizio di Clara Iatosti.<\/p>\n","protected":false},"featured_media":83160,"comment_status":"closed","ping_status":"closed","template":"","tags":[],"class_list":["post-83159","video","type-video","status-publish","has-post-thumbnail","hentry","video_category-buone-notizie","video_category-news"],"acf":[],"aioseo_notices":[],"url_youtube":"s75gaxuaxEg","featured_image_url":"https:\/\/i.ytimg.com\/vi\/s75gaxuaxEg\/mqdefault.jpg","_links":{"self":[{"href":"https:\/\/www.tv2000.it\/tg2000\/wp-json\/wp\/v2\/video\/83159","targetHints":{"allow":["GET"]}}],"collection":[{"href":"https:\/\/www.tv2000.it\/tg2000\/wp-json\/wp\/v2\/video"}],"about":[{"href":"https:\/\/www.tv2000.it\/tg2000\/wp-json\/wp\/v2\/types\/video"}],"replies":[{"embeddable":true,"href":"https:\/\/www.tv2000.it\/tg2000\/wp-json\/wp\/v2\/comments?post=83159"}],"wp:featuredmedia":[{"embeddable":true,"href":"https:\/\/www.tv2000.it\/tg2000\/wp-json\/wp\/v2\/media\/83160"}],"wp:attachment":[{"href":"https:\/\/www.tv2000.it\/tg2000\/wp-json\/wp\/v2\/media?parent=83159"}],"wp:term":[{"taxonomy":"post_tag","embeddable":true,"href":"https:\/\/www.tv2000.it\/tg2000\/wp-json\/wp\/v2\/tags?post=83159"}],"curies":[{"name":"wp","href":"https:\/\/api.w.org\/{rel}","templated":true}]}}

Il giro del mondo in 155 giorni. Atterra la più giovane aviatrice

<p>La più giovane pilota donna ha completato in Belgio il giro del mondo. Il suo viaggio in solitaria è durato 155 giorni. Servizio di Clara Iatosti.</p>
