{"id":83223,"date":"2022-01-24T12:56:50","date_gmt":"2022-01-24T11:56:50","guid":{"rendered":"http:\/\/www.tv2000.it\/tg2000\/?post_type=video&#038;p=83223"},"modified":"2022-01-24T12:56:50","modified_gmt":"2022-01-24T11:56:50","slug":"terra-santa-restaurato-a-gerico-uno-dei-mosaici-piu-grandi-del-mondo","status":"publish","type":"video","link":"https:\/\/www.tv2000.it\/tg2000\/video\/terra-santa-restaurato-a-gerico-uno-dei-mosaici-piu-grandi-del-mondo\/","title":{"rendered":"Terra Santa, restaurato a Gerico uno dei mosaici pi\u00f9 grandi del mondo"},"content":{"rendered":"<p>In Terra Santa, nella citt\u00e0 di Gerico, \u00e8 stato restaurato da poco uno dei mosaici pi\u00f9 grandi del mondo, Servizio della corrispondente. Alessandra Buzzetti<\/p>\n","protected":false},"featured_media":83224,"comment_status":"closed","ping_status":"closed","template":"","tags":[],"class_list":["post-83223","video","type-video","status-publish","has-post-thumbnail","hentry","video_category-esteri","video_category-news"],"acf":[],"aioseo_notices":[],"url_youtube":"HkBwOK8ye30","featured_image_url":"https:\/\/i.ytimg.com\/vi\/HkBwOK8ye30\/mqdefault.jpg","_links":{"self":[{"href":"https:\/\/www.tv2000.it\/tg2000\/wp-json\/wp\/v2\/video\/83223","targetHints":{"allow":["GET"]}}],"collection":[{"href":"https:\/\/www.tv2000.it\/tg2000\/wp-json\/wp\/v2\/video"}],"about":[{"href":"https:\/\/www.tv2000.it\/tg2000\/wp-json\/wp\/v2\/types\/video"}],"replies":[{"embeddable":true,"href":"https:\/\/www.tv2000.it\/tg2000\/wp-json\/wp\/v2\/comments?post=83223"}],"wp:featuredmedia":[{"embeddable":true,"href":"https:\/\/www.tv2000.it\/tg2000\/wp-json\/wp\/v2\/media\/83224"}],"wp:attachment":[{"href":"https:\/\/www.tv2000.it\/tg2000\/wp-json\/wp\/v2\/media?parent=83223"}],"wp:term":[{"taxonomy":"post_tag","embeddable":true,"href":"https:\/\/www.tv2000.it\/tg2000\/wp-json\/wp\/v2\/tags?post=83223"}],"curies":[{"name":"wp","href":"https:\/\/api.w.org\/{rel}","templated":true}]}}

Terra Santa, restaurato a Gerico uno dei mosaici più grandi del mondo

<p>In Terra Santa, nella città di Gerico, è stato restaurato da poco uno dei mosaici più grandi del mondo, Servizio della corrispondente. Alessandra Buzzetti</p>
