{"id":83259,"date":"2022-01-24T19:44:24","date_gmt":"2022-01-24T18:44:24","guid":{"rendered":"http:\/\/www.tv2000.it\/tg2000\/?post_type=video&#038;p=83259"},"modified":"2022-01-24T19:44:24","modified_gmt":"2022-01-24T18:44:24","slug":"covid-e-scuola-presidi-in-allarme-ci-stiamo-sostituendo-alle-asl","status":"publish","type":"video","link":"https:\/\/www.tv2000.it\/tg2000\/video\/covid-e-scuola-presidi-in-allarme-ci-stiamo-sostituendo-alle-asl\/","title":{"rendered":"Covid e scuola, presidi in allarme: ci stiamo sostituendo alle Asl"},"content":{"rendered":"<p>\u00c8 ancora caos nelle scuole per il covid. La didattica \u00e8 condizionata dalle carenze del sistema sanitario territoriale, \u00e8 l&#8217;allarme lanciato dai presidi di tutta Italia. Il servizio di Luciano Piscaglia.<\/p>\n","protected":false},"featured_media":83260,"comment_status":"closed","ping_status":"closed","template":"","tags":[300],"class_list":["post-83259","video","type-video","status-publish","has-post-thumbnail","hentry","tag-scuola","video_category-news","video_category-scuola"],"acf":[],"aioseo_notices":[],"url_youtube":"zjF9hPWqiPM","featured_image_url":"https:\/\/i.ytimg.com\/vi\/zjF9hPWqiPM\/mqdefault.jpg","_links":{"self":[{"href":"https:\/\/www.tv2000.it\/tg2000\/wp-json\/wp\/v2\/video\/83259","targetHints":{"allow":["GET"]}}],"collection":[{"href":"https:\/\/www.tv2000.it\/tg2000\/wp-json\/wp\/v2\/video"}],"about":[{"href":"https:\/\/www.tv2000.it\/tg2000\/wp-json\/wp\/v2\/types\/video"}],"replies":[{"embeddable":true,"href":"https:\/\/www.tv2000.it\/tg2000\/wp-json\/wp\/v2\/comments?post=83259"}],"wp:featuredmedia":[{"embeddable":true,"href":"https:\/\/www.tv2000.it\/tg2000\/wp-json\/wp\/v2\/media\/83260"}],"wp:attachment":[{"href":"https:\/\/www.tv2000.it\/tg2000\/wp-json\/wp\/v2\/media?parent=83259"}],"wp:term":[{"taxonomy":"post_tag","embeddable":true,"href":"https:\/\/www.tv2000.it\/tg2000\/wp-json\/wp\/v2\/tags?post=83259"}],"curies":[{"name":"wp","href":"https:\/\/api.w.org\/{rel}","templated":true}]}}

<p>È ancora caos nelle scuole per il covid. La didattica è condizionata dalle carenze del sistema sanitario territoriale, è l&#8217;allarme lanciato dai presidi di tutta Italia. Il servizio di Luciano Piscaglia.</p>
