{"id":83282,"date":"2022-01-25T12:47:06","date_gmt":"2022-01-25T11:47:06","guid":{"rendered":"http:\/\/www.tv2000.it\/tg2000\/?post_type=video&#038;p=83282"},"modified":"2022-01-25T12:47:06","modified_gmt":"2022-01-25T11:47:06","slug":"quirinale-rosato-italia-viva-qualcosa-si-muove-ma-questa-volta-lintesa-e-piu-complicata","status":"publish","type":"video","link":"https:\/\/www.tv2000.it\/tg2000\/video\/quirinale-rosato-italia-viva-qualcosa-si-muove-ma-questa-volta-lintesa-e-piu-complicata\/","title":{"rendered":"Quirinale, Rosato (Italia Viva): &#8220;Qualcosa si muove ma questa volta l&#8217;intesa \u00e8 pi\u00f9 complicata&#8221;"},"content":{"rendered":"<p>&#8220;Qualcosa si muove, non sono ore perse. Questa volta l&#8217;intesa \u00e8 pi\u00f9 complicata&#8221;. Cos\u00ec Ettore Rosato, Vicepresidente della Camera dei Deputati della Repubblica Italiana, ha risposto ai microfoni del Tg2000 nell&#8217;intervista di Augusto Cantelmi sull&#8217;elezione del presidente della Repubblica.<\/p>\n","protected":false},"featured_media":83283,"comment_status":"closed","ping_status":"closed","template":"","tags":[166,1308],"class_list":["post-83282","video","type-video","status-publish","has-post-thumbnail","hentry","tag-politica","tag-quirinale","video_category-news","video_category-politica"],"acf":[],"aioseo_notices":[],"url_youtube":"SMWqcVa60kA","featured_image_url":"https:\/\/i.ytimg.com\/vi\/SMWqcVa60kA\/mqdefault.jpg","_links":{"self":[{"href":"https:\/\/www.tv2000.it\/tg2000\/wp-json\/wp\/v2\/video\/83282","targetHints":{"allow":["GET"]}}],"collection":[{"href":"https:\/\/www.tv2000.it\/tg2000\/wp-json\/wp\/v2\/video"}],"about":[{"href":"https:\/\/www.tv2000.it\/tg2000\/wp-json\/wp\/v2\/types\/video"}],"replies":[{"embeddable":true,"href":"https:\/\/www.tv2000.it\/tg2000\/wp-json\/wp\/v2\/comments?post=83282"}],"wp:featuredmedia":[{"embeddable":true,"href":"https:\/\/www.tv2000.it\/tg2000\/wp-json\/wp\/v2\/media\/83283"}],"wp:attachment":[{"href":"https:\/\/www.tv2000.it\/tg2000\/wp-json\/wp\/v2\/media?parent=83282"}],"wp:term":[{"taxonomy":"post_tag","embeddable":true,"href":"https:\/\/www.tv2000.it\/tg2000\/wp-json\/wp\/v2\/tags?post=83282"}],"curies":[{"name":"wp","href":"https:\/\/api.w.org\/{rel}","templated":true}]}}

Quirinale, Rosato (Italia Viva): &#8220;Qualcosa si muove ma questa volta l&#8217;intesa è più complicata&#8221;

<p>&#8220;Qualcosa si muove, non sono ore perse. Questa volta l&#8217;intesa è più complicata&#8221;. Così Ettore Rosato, Vicepresidente della Camera dei Deputati della Repubblica Italiana, ha risposto ai microfoni del Tg2000 nell&#8217;intervista di Augusto Cantelmi sull&#8217;elezione del presidente della Repubblica.</p>
