{"id":83305,"date":"2022-01-25T19:24:25","date_gmt":"2022-01-25T18:24:25","guid":{"rendered":"http:\/\/www.tv2000.it\/tg2000\/?post_type=video&#038;p=83305"},"modified":"2022-01-25T19:26:53","modified_gmt":"2022-01-25T18:26:53","slug":"io-da-solo-sul-palco-di-60-teatri-intervista-a-claudio-baglioni-per-il-tour-dodici-note-solo","status":"publish","type":"video","link":"https:\/\/www.tv2000.it\/tg2000\/video\/io-da-solo-sul-palco-di-60-teatri-intervista-a-claudio-baglioni-per-il-tour-dodici-note-solo\/","title":{"rendered":"\u201cIo, da solo sul palco di 60 teatri\u201d: Intervista a Claudio Baglioni per il tour \u201cDodici note solo\u201d"},"content":{"rendered":"<p>Il calore del suo pubblico, Claudio Baglioni \u00e8 tornato ad assaporarlo dall\u2019incantevole Teatro dell\u2019Opera di Roma per la prima tappa del suo nuovo tour in cui sul palco si esibisce da solo in un one-man show.. La sua \u00e8 una ripartenza col botto: 60 date in meno di tre mesi, in altrettanti teatri lirici, i pi\u00f9 prestigiosi d\u2019Italia. \u201cQuesti teatri \u2013 spiega Baglioni &#8211; sono ancora un esempio meraviglioso di architettura Questo ferro di cavallo, questo cortile che si affaccia sulla scena \u00e8 ineguagliato dal punto di vista della progettazione. Io li ho scelti perch\u00e9 \u00e8 un primo passaggio. Durante l\u2019estate, poi, negli spazi pi\u00f9 grandi e all\u2019aperto ci sar\u00e0 una grande orchestra, i musicisti della mia band, un coro lirico e coristi moderni\u201d. All\u2019inizio della tua carriera come immaginavi il mondo di oggi? Pandemia e riscaldamento globale sono piccoli effetti collaterali di una societ\u00e0 comunque migliore oppure fanno da cornice ad una involuzione, sia culturale che dei valori? \u201cSul fatto che questa societ\u00e0 sia migliore ci sono molti dubbi. Indubbiamente \u2013 dichiara il cantautore &#8211; l\u2019umanit\u00e0 ogni tanto si fa distrarre, per\u00f2 sicuramente dobbiamo essere attenti e portare rispetto all\u2019ambiente in cui viviamo. E poi per quanto riguarda la pandemia ci auguriamo tutti di essere verso la fine di questo percorso cos\u00ec difficile\u201d. Servizio di Silvio Vitelli<\/p>\n","protected":false},"featured_media":83306,"comment_status":"closed","ping_status":"closed","template":"","tags":[],"class_list":["post-83305","video","type-video","status-publish","has-post-thumbnail","hentry","video_category-news"],"acf":[],"aioseo_notices":[],"url_youtube":"kdVJrEwUD_4","featured_image_url":"https:\/\/i.ytimg.com\/vi\/kdVJrEwUD_4\/mqdefault.jpg","_links":{"self":[{"href":"https:\/\/www.tv2000.it\/tg2000\/wp-json\/wp\/v2\/video\/83305","targetHints":{"allow":["GET"]}}],"collection":[{"href":"https:\/\/www.tv2000.it\/tg2000\/wp-json\/wp\/v2\/video"}],"about":[{"href":"https:\/\/www.tv2000.it\/tg2000\/wp-json\/wp\/v2\/types\/video"}],"replies":[{"embeddable":true,"href":"https:\/\/www.tv2000.it\/tg2000\/wp-json\/wp\/v2\/comments?post=83305"}],"wp:featuredmedia":[{"embeddable":true,"href":"https:\/\/www.tv2000.it\/tg2000\/wp-json\/wp\/v2\/media\/83306"}],"wp:attachment":[{"href":"https:\/\/www.tv2000.it\/tg2000\/wp-json\/wp\/v2\/media?parent=83305"}],"wp:term":[{"taxonomy":"post_tag","embeddable":true,"href":"https:\/\/www.tv2000.it\/tg2000\/wp-json\/wp\/v2\/tags?post=83305"}],"curies":[{"name":"wp","href":"https:\/\/api.w.org\/{rel}","templated":true}]}}

<p>Il calore del suo pubblico, Claudio Baglioni è tornato ad assaporarlo dall’incantevole Teatro dell’Opera di Roma per la prima tappa del suo nuovo tour in cui sul palco si esibisce da solo in un one-man show.. La sua è una ripartenza col botto: 60 date in meno di tre mesi, in altrettanti teatri lirici, i più prestigiosi d’Italia. “Questi teatri – spiega Baglioni &#8211; sono ancora un esempio meraviglioso di architettura Questo ferro di cavallo, questo cortile che si affaccia sulla scena è ineguagliato dal punto di vista della progettazione. Io li ho scelti perché è un primo passaggio. Durante l’estate, poi, negli spazi più grandi e all’aperto ci sarà una grande orchestra, i musicisti della mia band, un coro lirico e coristi moderni”. All’inizio della tua carriera come immaginavi il mondo di oggi? Pandemia e riscaldamento globale sono piccoli effetti collaterali di una società comunque migliore oppure fanno da cornice ad una involuzione, sia culturale che dei valori? “Sul fatto che questa società sia migliore ci sono molti dubbi. Indubbiamente – dichiara il cantautore &#8211; l’umanità ogni tanto si fa distrarre, però sicuramente dobbiamo essere attenti e portare rispetto all’ambiente in cui viviamo. E poi per quanto riguarda la pandemia ci auguriamo tutti di essere verso la fine di questo percorso così difficile”. Servizio di Silvio Vitelli</p>
