{"id":83393,"date":"2022-01-27T13:08:45","date_gmt":"2022-01-27T12:08:45","guid":{"rendered":"http:\/\/www.tv2000.it\/tg2000\/?post_type=video&#038;p=83393"},"modified":"2022-01-27T13:08:45","modified_gmt":"2022-01-27T12:08:45","slug":"giornata-memoria-laiuto-della-chiesa-suor-bolledi-pronte-a-qualsiasi-rischio-per-aiutare-ebrei","status":"publish","type":"video","link":"https:\/\/www.tv2000.it\/tg2000\/video\/giornata-memoria-laiuto-della-chiesa-suor-bolledi-pronte-a-qualsiasi-rischio-per-aiutare-ebrei\/","title":{"rendered":"Giornata Memoria, l&#8217;aiuto della Chiesa. Suor Bolledi: pronte a qualsiasi rischio per aiutare ebrei"},"content":{"rendered":"<p>Molti ebrei trovarono scampo in parrocchie, istituti religiosi e conventi. Tra questi, c&#8217;\u00e8 l&#8217;Istituto di San Giuseppe di Chambery, a Roma. Quello che vi proponiamo \u00e8 il racconto di suor Emerenziana Bolledi, all&#8217;epoca giovane novizia e di Lia Levi, che l\u00ec trov\u00f2 rifugio. Ecco i loro ricordi, tratti dal docufilm &#8220;Pio XII. Il diplomatico di Dio&#8221;.<\/p>\n","protected":false},"featured_media":83394,"comment_status":"closed","ping_status":"closed","template":"","tags":[],"class_list":["post-83393","video","type-video","status-publish","has-post-thumbnail","hentry","video_category-news","video_category-storie"],"acf":[],"aioseo_notices":[],"url_youtube":"iYQWuAk5TmU","featured_image_url":"https:\/\/i.ytimg.com\/vi\/iYQWuAk5TmU\/mqdefault.jpg","_links":{"self":[{"href":"https:\/\/www.tv2000.it\/tg2000\/wp-json\/wp\/v2\/video\/83393","targetHints":{"allow":["GET"]}}],"collection":[{"href":"https:\/\/www.tv2000.it\/tg2000\/wp-json\/wp\/v2\/video"}],"about":[{"href":"https:\/\/www.tv2000.it\/tg2000\/wp-json\/wp\/v2\/types\/video"}],"replies":[{"embeddable":true,"href":"https:\/\/www.tv2000.it\/tg2000\/wp-json\/wp\/v2\/comments?post=83393"}],"wp:featuredmedia":[{"embeddable":true,"href":"https:\/\/www.tv2000.it\/tg2000\/wp-json\/wp\/v2\/media\/83394"}],"wp:attachment":[{"href":"https:\/\/www.tv2000.it\/tg2000\/wp-json\/wp\/v2\/media?parent=83393"}],"wp:term":[{"taxonomy":"post_tag","embeddable":true,"href":"https:\/\/www.tv2000.it\/tg2000\/wp-json\/wp\/v2\/tags?post=83393"}],"curies":[{"name":"wp","href":"https:\/\/api.w.org\/{rel}","templated":true}]}}

<p>Molti ebrei trovarono scampo in parrocchie, istituti religiosi e conventi. Tra questi, c&#8217;è l&#8217;Istituto di San Giuseppe di Chambery, a Roma. Quello che vi proponiamo è il racconto di suor Emerenziana Bolledi, all&#8217;epoca giovane novizia e di Lia Levi, che lì trovò rifugio. Ecco i loro ricordi, tratti dal docufilm &#8220;Pio XII. Il diplomatico di Dio&#8221;.</p>
