{"id":83449,"date":"2022-01-28T19:53:51","date_gmt":"2022-01-28T18:53:51","guid":{"rendered":"http:\/\/www.tv2000.it\/tg2000\/?post_type=video&#038;p=83449"},"modified":"2022-01-28T19:54:00","modified_gmt":"2022-01-28T18:54:00","slug":"santa-sede-e-bilancio-ridurre-costi-contenendo-le-spese-ma-senza-diminuire-la-carita-del-papa","status":"publish","type":"video","link":"https:\/\/www.tv2000.it\/tg2000\/video\/santa-sede-e-bilancio-ridurre-costi-contenendo-le-spese-ma-senza-diminuire-la-carita-del-papa\/","title":{"rendered":"Santa Sede e bilancio: ridurre costi contenendo le spese ma senza diminuire la carit\u00e0 del Papa"},"content":{"rendered":"<p>Ridurre i costi contenendo le spese ma senza diminuire la carit\u00e0 del papa, anzi aumentandola. Cos\u00ec il prefetto della segreteria per l\u2019economia, padre Guerrero Alves, presentando il bilancio preventivo della Santa Sede. Servizio di Paolo Fucili.<\/p>\n","protected":false},"featured_media":83450,"comment_status":"closed","ping_status":"closed","template":"","tags":[],"class_list":["post-83449","video","type-video","status-publish","has-post-thumbnail","hentry","video_category-news"],"acf":[],"aioseo_notices":[],"url_youtube":"ca66nS9NLYs","featured_image_url":"https:\/\/i.ytimg.com\/vi\/ca66nS9NLYs\/mqdefault.jpg","_links":{"self":[{"href":"https:\/\/www.tv2000.it\/tg2000\/wp-json\/wp\/v2\/video\/83449","targetHints":{"allow":["GET"]}}],"collection":[{"href":"https:\/\/www.tv2000.it\/tg2000\/wp-json\/wp\/v2\/video"}],"about":[{"href":"https:\/\/www.tv2000.it\/tg2000\/wp-json\/wp\/v2\/types\/video"}],"replies":[{"embeddable":true,"href":"https:\/\/www.tv2000.it\/tg2000\/wp-json\/wp\/v2\/comments?post=83449"}],"wp:featuredmedia":[{"embeddable":true,"href":"https:\/\/www.tv2000.it\/tg2000\/wp-json\/wp\/v2\/media\/83450"}],"wp:attachment":[{"href":"https:\/\/www.tv2000.it\/tg2000\/wp-json\/wp\/v2\/media?parent=83449"}],"wp:term":[{"taxonomy":"post_tag","embeddable":true,"href":"https:\/\/www.tv2000.it\/tg2000\/wp-json\/wp\/v2\/tags?post=83449"}],"curies":[{"name":"wp","href":"https:\/\/api.w.org\/{rel}","templated":true}]}}

Santa Sede e bilancio: ridurre costi contenendo le spese ma senza diminuire la carità del Papa

<p>Ridurre i costi contenendo le spese ma senza diminuire la carità del papa, anzi aumentandola. Così il prefetto della segreteria per l’economia, padre Guerrero Alves, presentando il bilancio preventivo della Santa Sede. Servizio di Paolo Fucili.</p>
