{"id":83537,"date":"2022-01-31T19:40:50","date_gmt":"2022-01-31T18:40:50","guid":{"rendered":"http:\/\/www.tv2000.it\/tg2000\/?post_type=video&#038;p=83537"},"modified":"2022-01-31T19:41:03","modified_gmt":"2022-01-31T18:41:03","slug":"pil-italia-da-record-e-il-paese-che-cresce-di-piu-in-europa","status":"publish","type":"video","link":"https:\/\/www.tv2000.it\/tg2000\/video\/pil-italia-da-record-e-il-paese-che-cresce-di-piu-in-europa\/","title":{"rendered":"Pil, Italia da record. E&#8217; il paese che cresce di pi\u00f9 in Europa"},"content":{"rendered":"<p>L&#8217;Italia \u00e8 il paese che cresce di pi\u00f9 in Europa. Lo scorso anno il prodotto interno lordo \u00e8 aumentato, infatti, del 6,5%. Un livello che non si registrava da 45 anni. Servizio di Federico Plotti<\/p>\n","protected":false},"featured_media":83538,"comment_status":"closed","ping_status":"closed","template":"","tags":[],"class_list":["post-83537","video","type-video","status-publish","has-post-thumbnail","hentry","video_category-news"],"acf":[],"aioseo_notices":[],"url_youtube":"zalCuWB6HuI","featured_image_url":"https:\/\/i.ytimg.com\/vi\/zalCuWB6HuI\/mqdefault.jpg","_links":{"self":[{"href":"https:\/\/www.tv2000.it\/tg2000\/wp-json\/wp\/v2\/video\/83537","targetHints":{"allow":["GET"]}}],"collection":[{"href":"https:\/\/www.tv2000.it\/tg2000\/wp-json\/wp\/v2\/video"}],"about":[{"href":"https:\/\/www.tv2000.it\/tg2000\/wp-json\/wp\/v2\/types\/video"}],"replies":[{"embeddable":true,"href":"https:\/\/www.tv2000.it\/tg2000\/wp-json\/wp\/v2\/comments?post=83537"}],"wp:featuredmedia":[{"embeddable":true,"href":"https:\/\/www.tv2000.it\/tg2000\/wp-json\/wp\/v2\/media\/83538"}],"wp:attachment":[{"href":"https:\/\/www.tv2000.it\/tg2000\/wp-json\/wp\/v2\/media?parent=83537"}],"wp:term":[{"taxonomy":"post_tag","embeddable":true,"href":"https:\/\/www.tv2000.it\/tg2000\/wp-json\/wp\/v2\/tags?post=83537"}],"curies":[{"name":"wp","href":"https:\/\/api.w.org\/{rel}","templated":true}]}}

Pil, Italia da record. E&#8217; il paese che cresce di più in Europa

<p>L&#8217;Italia è il paese che cresce di più in Europa. Lo scorso anno il prodotto interno lordo è aumentato, infatti, del 6,5%. Un livello che non si registrava da 45 anni. Servizio di Federico Plotti</p>
