{"id":83749,"date":"2022-02-04T20:07:06","date_gmt":"2022-02-04T19:07:06","guid":{"rendered":"http:\/\/www.tv2000.it\/tg2000\/?post_type=video&#038;p=83749"},"modified":"2022-02-04T20:07:53","modified_gmt":"2022-02-04T19:07:53","slug":"a-siena-laiuto-della-diocesi-a-mustafa-card-lojudice-del-dna-della-chiesa-ce-laccoglienza","status":"publish","type":"video","link":"https:\/\/www.tv2000.it\/tg2000\/video\/a-siena-laiuto-della-diocesi-a-mustafa-card-lojudice-del-dna-della-chiesa-ce-laccoglienza\/","title":{"rendered":"A Siena l\u2019aiuto della Diocesi a Mustaf\u00e0. Card. Lojudice: del dna della Chiesa c&#8217;\u00e8 l&#8217;accoglienza"},"content":{"rendered":"<p>Torniamo a occuparci di Mustaf\u00e0 il bambino siriano che come ricorderete \u00e8 stato accolto, con tutta la sua famiglia, dalla chiesa di Siena. Qui la Diocesi sta provvedendo concretamente alle loro necessit\u00e0 e a breve Mustaf\u00e0 insieme alle sue due sorelle potr\u00e0 iniziare un percorso scolastico. Intervista all\u2019arcivescovo di Siena, il cardinale Augusto Paolo Lojudice: &#8220;La Chiesa ha nel suo Dna l&#8217;accoglienza&#8221;. Munzir, il pap\u00e0 di Mustaf\u00e0: &#8220;Un giorno torneremo tutti in Siria, sulle nostre gambe&#8221; Servizio di Vito D&#8217;Ettorre<\/p>\n","protected":false},"featured_media":83750,"comment_status":"closed","ping_status":"closed","template":"","tags":[],"class_list":["post-83749","video","type-video","status-publish","has-post-thumbnail","hentry","video_category-news"],"acf":[],"aioseo_notices":[],"url_youtube":"oYvItsanL8M","featured_image_url":"https:\/\/i.ytimg.com\/vi\/oYvItsanL8M\/mqdefault.jpg","_links":{"self":[{"href":"https:\/\/www.tv2000.it\/tg2000\/wp-json\/wp\/v2\/video\/83749","targetHints":{"allow":["GET"]}}],"collection":[{"href":"https:\/\/www.tv2000.it\/tg2000\/wp-json\/wp\/v2\/video"}],"about":[{"href":"https:\/\/www.tv2000.it\/tg2000\/wp-json\/wp\/v2\/types\/video"}],"replies":[{"embeddable":true,"href":"https:\/\/www.tv2000.it\/tg2000\/wp-json\/wp\/v2\/comments?post=83749"}],"wp:featuredmedia":[{"embeddable":true,"href":"https:\/\/www.tv2000.it\/tg2000\/wp-json\/wp\/v2\/media\/83750"}],"wp:attachment":[{"href":"https:\/\/www.tv2000.it\/tg2000\/wp-json\/wp\/v2\/media?parent=83749"}],"wp:term":[{"taxonomy":"post_tag","embeddable":true,"href":"https:\/\/www.tv2000.it\/tg2000\/wp-json\/wp\/v2\/tags?post=83749"}],"curies":[{"name":"wp","href":"https:\/\/api.w.org\/{rel}","templated":true}]}}

A Siena l’aiuto della Diocesi a Mustafà. Card. Lojudice: del dna della Chiesa c&#8217;è l&#8217;accoglienza

<p>Torniamo a occuparci di Mustafà il bambino siriano che come ricorderete è stato accolto, con tutta la sua famiglia, dalla chiesa di Siena. Qui la Diocesi sta provvedendo concretamente alle loro necessità e a breve Mustafà insieme alle sue due sorelle potrà iniziare un percorso scolastico. Intervista all’arcivescovo di Siena, il cardinale Augusto Paolo Lojudice: &#8220;La Chiesa ha nel suo Dna l&#8217;accoglienza&#8221;. Munzir, il papà di Mustafà: &#8220;Un giorno torneremo tutti in Siria, sulle nostre gambe&#8221; Servizio di Vito D&#8217;Ettorre</p>
