{"id":83923,"date":"2022-02-09T19:58:37","date_gmt":"2022-02-09T18:58:37","guid":{"rendered":"http:\/\/www.tv2000.it\/tg2000\/?post_type=video&#038;p=83923"},"modified":"2022-02-09T19:59:04","modified_gmt":"2022-02-09T18:59:04","slug":"fine-vita-legge-alla-camera-si-attende-la-consulta-su-ammissibilita-del-referendum","status":"publish","type":"video","link":"https:\/\/www.tv2000.it\/tg2000\/video\/fine-vita-legge-alla-camera-si-attende-la-consulta-su-ammissibilita-del-referendum\/","title":{"rendered":"Fine vita, legge alla Camera. Si attende la Consulta su ammissibilit\u00e0 del referendum"},"content":{"rendered":"<p>Oggi in aula a Montecitorio \u00e8 approdato il testo sul fine vita. Attesa per la prossima settimana la pronuncia della Consulta sull&#8217;ammissibilit\u00e0 del referendum che mira a depenalizzare l&#8217;omicidio del consenziente. Servizio di Pierluigi Vito<\/p>\n","protected":false},"featured_media":83924,"comment_status":"closed","ping_status":"closed","template":"","tags":[],"class_list":["post-83923","video","type-video","status-publish","has-post-thumbnail","hentry","video_category-news"],"acf":[],"aioseo_notices":[],"url_youtube":"wGYOK6FBQtg","featured_image_url":"https:\/\/i.ytimg.com\/vi\/wGYOK6FBQtg\/mqdefault.jpg","_links":{"self":[{"href":"https:\/\/www.tv2000.it\/tg2000\/wp-json\/wp\/v2\/video\/83923","targetHints":{"allow":["GET"]}}],"collection":[{"href":"https:\/\/www.tv2000.it\/tg2000\/wp-json\/wp\/v2\/video"}],"about":[{"href":"https:\/\/www.tv2000.it\/tg2000\/wp-json\/wp\/v2\/types\/video"}],"replies":[{"embeddable":true,"href":"https:\/\/www.tv2000.it\/tg2000\/wp-json\/wp\/v2\/comments?post=83923"}],"wp:featuredmedia":[{"embeddable":true,"href":"https:\/\/www.tv2000.it\/tg2000\/wp-json\/wp\/v2\/media\/83924"}],"wp:attachment":[{"href":"https:\/\/www.tv2000.it\/tg2000\/wp-json\/wp\/v2\/media?parent=83923"}],"wp:term":[{"taxonomy":"post_tag","embeddable":true,"href":"https:\/\/www.tv2000.it\/tg2000\/wp-json\/wp\/v2\/tags?post=83923"}],"curies":[{"name":"wp","href":"https:\/\/api.w.org\/{rel}","templated":true}]}}

Fine vita, legge alla Camera. Si attende la Consulta su ammissibilità del referendum

<p>Oggi in aula a Montecitorio è approdato il testo sul fine vita. Attesa per la prossima settimana la pronuncia della Consulta sull&#8217;ammissibilità del referendum che mira a depenalizzare l&#8217;omicidio del consenziente. Servizio di Pierluigi Vito</p>
