{"id":83955,"date":"2022-02-10T12:45:25","date_gmt":"2022-02-10T11:45:25","guid":{"rendered":"http:\/\/www.tv2000.it\/tg2000\/?post_type=video&#038;p=83955"},"modified":"2022-02-10T12:45:25","modified_gmt":"2022-02-10T11:45:25","slug":"draghi-intervento-di-ampia-portata-sul-caro-bollette-sindaci-spengono-luci-citta-per-protesta","status":"publish","type":"video","link":"https:\/\/www.tv2000.it\/tg2000\/video\/draghi-intervento-di-ampia-portata-sul-caro-bollette-sindaci-spengono-luci-citta-per-protesta\/","title":{"rendered":"Draghi: &#8220;Intervento di ampia portata sul caro bollette&#8221;. Sindaci spengono luci citt\u00e0 per protesta"},"content":{"rendered":"<p>Un nuovo decreto sulle bollette arriver\u00e0 presto ma soprattutto avr\u00e0 un ampia portata. Lo ha annunciato il presidente Mario Draghi per rassicurare che il governo non &#8220;dimentica famiglie e imprese in difficolt\u00e0&#8221;. Anche le amministrazioni comunali lamentano il rincaro del prezzo dell&#8217;energia. Il servizio di Augusto Cantelmi.<\/p>\n","protected":false},"featured_media":83956,"comment_status":"closed","ping_status":"closed","template":"","tags":[1795,188],"class_list":["post-83955","video","type-video","status-publish","has-post-thumbnail","hentry","tag-mariodraghi","tag-bollette","video_category-news","video_category-politica"],"acf":[],"aioseo_notices":[],"url_youtube":"yKm_jDM35Fs","featured_image_url":"https:\/\/i.ytimg.com\/vi\/yKm_jDM35Fs\/mqdefault.jpg","_links":{"self":[{"href":"https:\/\/www.tv2000.it\/tg2000\/wp-json\/wp\/v2\/video\/83955","targetHints":{"allow":["GET"]}}],"collection":[{"href":"https:\/\/www.tv2000.it\/tg2000\/wp-json\/wp\/v2\/video"}],"about":[{"href":"https:\/\/www.tv2000.it\/tg2000\/wp-json\/wp\/v2\/types\/video"}],"replies":[{"embeddable":true,"href":"https:\/\/www.tv2000.it\/tg2000\/wp-json\/wp\/v2\/comments?post=83955"}],"wp:featuredmedia":[{"embeddable":true,"href":"https:\/\/www.tv2000.it\/tg2000\/wp-json\/wp\/v2\/media\/83956"}],"wp:attachment":[{"href":"https:\/\/www.tv2000.it\/tg2000\/wp-json\/wp\/v2\/media?parent=83955"}],"wp:term":[{"taxonomy":"post_tag","embeddable":true,"href":"https:\/\/www.tv2000.it\/tg2000\/wp-json\/wp\/v2\/tags?post=83955"}],"curies":[{"name":"wp","href":"https:\/\/api.w.org\/{rel}","templated":true}]}}

Draghi: &#8220;Intervento di ampia portata sul caro bollette&#8221;. Sindaci spengono luci città per protesta

<p>Un nuovo decreto sulle bollette arriverà presto ma soprattutto avrà un ampia portata. Lo ha annunciato il presidente Mario Draghi per rassicurare che il governo non &#8220;dimentica famiglie e imprese in difficoltà&#8221;. Anche le amministrazioni comunali lamentano il rincaro del prezzo dell&#8217;energia. Il servizio di Augusto Cantelmi.</p>
